{"id":1317,"date":"2014-12-28T21:22:04","date_gmt":"2014-12-28T20:22:04","guid":{"rendered":"http:\/\/etival.fr\/?page_id=1317"},"modified":"2014-12-30T13:59:18","modified_gmt":"2014-12-30T12:59:18","slug":"2014-2","status":"publish","type":"page","link":"https:\/\/etival.fr\/?page_id=1317","title":{"rendered":"2014"},"content":{"rendered":"<p>Photos du Calendrier de l&rsquo;Avent<br \/>\n<a href=\"http:\/\/etival.fr\/wp-content\/uploads\/2014\/12\/1.ABBAYE.jpg\"><img loading=\"lazy\" decoding=\"async\" class=\"alignleft size-full wp-image-1087\" src=\"http:\/\/etival.fr\/wp-content\/uploads\/2014\/12\/1.ABBAYE.jpg\" alt=\"1.ABBAYE\" width=\"1000\" height=\"526\" srcset=\"https:\/\/etival.fr\/wp-content\/uploads\/2014\/12\/1.ABBAYE.jpg 1000w, https:\/\/etival.fr\/wp-content\/uploads\/2014\/12\/1.ABBAYE-300x157.jpg 300w, https:\/\/etival.fr\/wp-content\/uploads\/2014\/12\/1.ABBAYE-624x328.jpg 624w\" sizes=\"auto, (max-width: 1000px) 100vw, 1000px\" \/><\/a><\/p>\n<p>&nbsp;<\/p>\n<p><a href=\"http:\/\/etival.fr\/wp-content\/uploads\/2014\/12\/2.CARREFOUR-aBBAYE.jpg\"><img loading=\"lazy\" decoding=\"async\" class=\"alignleft size-full wp-image-1088\" src=\"http:\/\/etival.fr\/wp-content\/uploads\/2014\/12\/2.CARREFOUR-aBBAYE.jpg\" alt=\"2.CARREFOUR-aBBAYE\" width=\"1000\" height=\"526\" srcset=\"https:\/\/etival.fr\/wp-content\/uploads\/2014\/12\/2.CARREFOUR-aBBAYE.jpg 1000w, https:\/\/etival.fr\/wp-content\/uploads\/2014\/12\/2.CARREFOUR-aBBAYE-300x157.jpg 300w, https:\/\/etival.fr\/wp-content\/uploads\/2014\/12\/2.CARREFOUR-aBBAYE-624x328.jpg 624w\" sizes=\"auto, (max-width: 1000px) 100vw, 1000px\" \/><\/a><\/p>\n<p>&nbsp;<\/p>\n<p><a href=\"http:\/\/etival.fr\/wp-content\/uploads\/2014\/12\/3.COUR-DES-MOINES.jpg\"><img loading=\"lazy\" decoding=\"async\" class=\"alignleft size-full wp-image-1089\" src=\"http:\/\/etival.fr\/wp-content\/uploads\/2014\/12\/3.COUR-DES-MOINES.jpg\" alt=\"3.COUR DES MOINES\" width=\"1103\" height=\"580\" srcset=\"https:\/\/etival.fr\/wp-content\/uploads\/2014\/12\/3.COUR-DES-MOINES.jpg 1103w, https:\/\/etival.fr\/wp-content\/uploads\/2014\/12\/3.COUR-DES-MOINES-300x157.jpg 300w, https:\/\/etival.fr\/wp-content\/uploads\/2014\/12\/3.COUR-DES-MOINES-1024x538.jpg 1024w, https:\/\/etival.fr\/wp-content\/uploads\/2014\/12\/3.COUR-DES-MOINES-624x328.jpg 624w\" sizes=\"auto, (max-width: 1103px) 100vw, 1103px\" \/><\/a><\/p>\n<p>&nbsp;<\/p>\n<p><a href=\"http:\/\/etival.fr\/wp-content\/uploads\/2014\/12\/4.ENTREE-DU-VIVIER.jpg\"><img loading=\"lazy\" decoding=\"async\" class=\"alignleft size-full wp-image-1090\" src=\"http:\/\/etival.fr\/wp-content\/uploads\/2014\/12\/4.ENTREE-DU-VIVIER.jpg\" alt=\"4.ENTREE-DU-VIVIER\" width=\"1000\" height=\"526\" srcset=\"https:\/\/etival.fr\/wp-content\/uploads\/2014\/12\/4.ENTREE-DU-VIVIER.jpg 1000w, https:\/\/etival.fr\/wp-content\/uploads\/2014\/12\/4.ENTREE-DU-VIVIER-300x157.jpg 300w, https:\/\/etival.fr\/wp-content\/uploads\/2014\/12\/4.ENTREE-DU-VIVIER-624x328.jpg 624w\" sizes=\"auto, (max-width: 1000px) 100vw, 1000px\" \/><\/a><\/p>\n<p>&nbsp;<\/p>\n<p><a href=\"http:\/\/etival.fr\/wp-content\/uploads\/2014\/12\/5.HOTEL-DE-LA-GARE.jpg\"><img loading=\"lazy\" decoding=\"async\" class=\"alignleft size-full wp-image-1091\" src=\"http:\/\/etival.fr\/wp-content\/uploads\/2014\/12\/5.HOTEL-DE-LA-GARE.jpg\" alt=\"5.HOTEL-DE-LA-GARE\" width=\"1000\" height=\"526\" srcset=\"https:\/\/etival.fr\/wp-content\/uploads\/2014\/12\/5.HOTEL-DE-LA-GARE.jpg 1000w, https:\/\/etival.fr\/wp-content\/uploads\/2014\/12\/5.HOTEL-DE-LA-GARE-300x157.jpg 300w, https:\/\/etival.fr\/wp-content\/uploads\/2014\/12\/5.HOTEL-DE-LA-GARE-624x328.jpg 624w\" sizes=\"auto, (max-width: 1000px) 100vw, 1000px\" \/><\/a><\/p>\n<p>&nbsp;<\/p>\n<p><a href=\"http:\/\/etival.fr\/wp-content\/uploads\/2014\/12\/6.LA-GARE.jpg\"><img loading=\"lazy\" decoding=\"async\" class=\"alignleft size-full wp-image-1092\" src=\"http:\/\/etival.fr\/wp-content\/uploads\/2014\/12\/6.LA-GARE.jpg\" alt=\"6.LA GARE\" width=\"1103\" height=\"580\" srcset=\"https:\/\/etival.fr\/wp-content\/uploads\/2014\/12\/6.LA-GARE.jpg 1103w, https:\/\/etival.fr\/wp-content\/uploads\/2014\/12\/6.LA-GARE-300x157.jpg 300w, https:\/\/etival.fr\/wp-content\/uploads\/2014\/12\/6.LA-GARE-1024x538.jpg 1024w, https:\/\/etival.fr\/wp-content\/uploads\/2014\/12\/6.LA-GARE-624x328.jpg 624w\" sizes=\"auto, (max-width: 1103px) 100vw, 1103px\" \/><\/a><\/p>\n<p>&nbsp;<\/p>\n<p><a href=\"http:\/\/etival.fr\/wp-content\/uploads\/2014\/12\/7.LA-mADELON.jpg\"><img loading=\"lazy\" decoding=\"async\" class=\"alignleft size-full wp-image-1093\" src=\"http:\/\/etival.fr\/wp-content\/uploads\/2014\/12\/7.LA-mADELON.jpg\" alt=\"7.LA-mADELON\" width=\"1000\" height=\"526\" srcset=\"https:\/\/etival.fr\/wp-content\/uploads\/2014\/12\/7.LA-mADELON.jpg 1000w, https:\/\/etival.fr\/wp-content\/uploads\/2014\/12\/7.LA-mADELON-300x157.jpg 300w, https:\/\/etival.fr\/wp-content\/uploads\/2014\/12\/7.LA-mADELON-624x328.jpg 624w\" sizes=\"auto, (max-width: 1000px) 100vw, 1000px\" \/><\/a><\/p>\n<p>&nbsp;<\/p>\n<p><a href=\"http:\/\/etival.fr\/wp-content\/uploads\/2014\/12\/8.MAISON-AUBRY.jpg\"><img loading=\"lazy\" decoding=\"async\" class=\"alignleft size-full wp-image-1094\" src=\"http:\/\/etival.fr\/wp-content\/uploads\/2014\/12\/8.MAISON-AUBRY.jpg\" alt=\"8.MAISON-AUBRY\" width=\"1000\" height=\"526\" srcset=\"https:\/\/etival.fr\/wp-content\/uploads\/2014\/12\/8.MAISON-AUBRY.jpg 1000w, https:\/\/etival.fr\/wp-content\/uploads\/2014\/12\/8.MAISON-AUBRY-300x157.jpg 300w, https:\/\/etival.fr\/wp-content\/uploads\/2014\/12\/8.MAISON-AUBRY-624x328.jpg 624w\" sizes=\"auto, (max-width: 1000px) 100vw, 1000px\" \/><\/a><\/p>\n<p>&nbsp;<\/p>\n<p><a href=\"http:\/\/etival.fr\/wp-content\/uploads\/2014\/12\/9.PAPETERIES.jpg\"><img loading=\"lazy\" decoding=\"async\" class=\"alignleft size-full wp-image-1095\" src=\"http:\/\/etival.fr\/wp-content\/uploads\/2014\/12\/9.PAPETERIES.jpg\" alt=\"9.PAPETERIES\" width=\"1000\" height=\"526\" srcset=\"https:\/\/etival.fr\/wp-content\/uploads\/2014\/12\/9.PAPETERIES.jpg 1000w, https:\/\/etival.fr\/wp-content\/uploads\/2014\/12\/9.PAPETERIES-300x157.jpg 300w, https:\/\/etival.fr\/wp-content\/uploads\/2014\/12\/9.PAPETERIES-624x328.jpg 624w\" sizes=\"auto, (max-width: 1000px) 100vw, 1000px\" \/><\/a><\/p>\n<p>&nbsp;<\/p>\n<p><a href=\"http:\/\/etival.fr\/wp-content\/uploads\/2014\/12\/10.11-novembre.jpg\"><img loading=\"lazy\" decoding=\"async\" class=\"alignleft size-full wp-image-1096\" src=\"http:\/\/etival.fr\/wp-content\/uploads\/2014\/12\/10.11-novembre.jpg\" alt=\"10.11 novembre\" width=\"1103\" height=\"580\" srcset=\"https:\/\/etival.fr\/wp-content\/uploads\/2014\/12\/10.11-novembre.jpg 1103w, https:\/\/etival.fr\/wp-content\/uploads\/2014\/12\/10.11-novembre-300x157.jpg 300w, https:\/\/etival.fr\/wp-content\/uploads\/2014\/12\/10.11-novembre-1024x538.jpg 1024w, https:\/\/etival.fr\/wp-content\/uploads\/2014\/12\/10.11-novembre-624x328.jpg 624w\" sizes=\"auto, (max-width: 1103px) 100vw, 1103px\" \/><\/a><\/p>\n<p>&nbsp;<\/p>\n<p><a href=\"http:\/\/etival.fr\/wp-content\/uploads\/2014\/12\/11.-cygne.jpg\"><img loading=\"lazy\" decoding=\"async\" class=\"alignleft size-full wp-image-1098\" src=\"http:\/\/etival.fr\/wp-content\/uploads\/2014\/12\/11.-cygne.jpg\" alt=\"11.-cygne\" width=\"1000\" height=\"667\" srcset=\"https:\/\/etival.fr\/wp-content\/uploads\/2014\/12\/11.-cygne.jpg 1000w, https:\/\/etival.fr\/wp-content\/uploads\/2014\/12\/11.-cygne-300x200.jpg 300w, https:\/\/etival.fr\/wp-content\/uploads\/2014\/12\/11.-cygne-624x416.jpg 624w\" sizes=\"auto, (max-width: 1000px) 100vw, 1000px\" \/><\/a><\/p>\n<p><a href=\"http:\/\/etival.fr\/wp-content\/uploads\/2014\/12\/12.-carnaval.jpg\"><img loading=\"lazy\" decoding=\"async\" class=\"alignleft size-full wp-image-1099\" src=\"http:\/\/etival.fr\/wp-content\/uploads\/2014\/12\/12.-carnaval.jpg\" alt=\"12.-carnaval\" width=\"1000\" height=\"1500\" srcset=\"https:\/\/etival.fr\/wp-content\/uploads\/2014\/12\/12.-carnaval.jpg 1000w, https:\/\/etival.fr\/wp-content\/uploads\/2014\/12\/12.-carnaval-200x300.jpg 200w, https:\/\/etival.fr\/wp-content\/uploads\/2014\/12\/12.-carnaval-682x1024.jpg 682w, https:\/\/etival.fr\/wp-content\/uploads\/2014\/12\/12.-carnaval-624x936.jpg 624w\" sizes=\"auto, (max-width: 1000px) 100vw, 1000px\" \/><\/a><\/p>\n<p>&nbsp;<\/p>\n<p><a href=\"http:\/\/etival.fr\/wp-content\/uploads\/2014\/12\/13.-eglise.jpg\"><img loading=\"lazy\" decoding=\"async\" class=\"alignleft size-full wp-image-1100\" src=\"http:\/\/etival.fr\/wp-content\/uploads\/2014\/12\/13.-eglise.jpg\" alt=\"13.-eglise\" width=\"1000\" height=\"667\" srcset=\"https:\/\/etival.fr\/wp-content\/uploads\/2014\/12\/13.-eglise.jpg 1000w, https:\/\/etival.fr\/wp-content\/uploads\/2014\/12\/13.-eglise-300x200.jpg 300w, https:\/\/etival.fr\/wp-content\/uploads\/2014\/12\/13.-eglise-624x416.jpg 624w\" sizes=\"auto, (max-width: 1000px) 100vw, 1000px\" \/><\/a><\/p>\n<p>&nbsp;<\/p>\n<p><a href=\"http:\/\/etival.fr\/wp-content\/uploads\/2014\/12\/14.-parc.jpg\"><img loading=\"lazy\" decoding=\"async\" class=\"alignleft size-full wp-image-1101\" src=\"http:\/\/etival.fr\/wp-content\/uploads\/2014\/12\/14.-parc.jpg\" alt=\"14.-parc\" width=\"1000\" height=\"667\" srcset=\"https:\/\/etival.fr\/wp-content\/uploads\/2014\/12\/14.-parc.jpg 1000w, https:\/\/etival.fr\/wp-content\/uploads\/2014\/12\/14.-parc-300x200.jpg 300w, https:\/\/etival.fr\/wp-content\/uploads\/2014\/12\/14.-parc-624x416.jpg 624w\" sizes=\"auto, (max-width: 1000px) 100vw, 1000px\" \/><\/a><\/p>\n<p>&nbsp;<\/p>\n<p><a href=\"http:\/\/etival.fr\/wp-content\/uploads\/2014\/12\/15.-tableau.jpg\"><img loading=\"lazy\" decoding=\"async\" class=\"alignleft size-full wp-image-1102\" src=\"http:\/\/etival.fr\/wp-content\/uploads\/2014\/12\/15.-tableau.jpg\" alt=\"15.-tableau\" width=\"1000\" height=\"718\" srcset=\"https:\/\/etival.fr\/wp-content\/uploads\/2014\/12\/15.-tableau.jpg 1000w, https:\/\/etival.fr\/wp-content\/uploads\/2014\/12\/15.-tableau-300x215.jpg 300w, https:\/\/etival.fr\/wp-content\/uploads\/2014\/12\/15.-tableau-624x448.jpg 624w\" sizes=\"auto, (max-width: 1000px) 100vw, 1000px\" \/><\/a><\/p>\n<p>&nbsp;<\/p>\n<p><a href=\"http:\/\/etival.fr\/wp-content\/uploads\/2014\/12\/16.-d\u00e9fil\u00e9.jpg\"><img loading=\"lazy\" decoding=\"async\" class=\"alignleft size-full wp-image-1103\" src=\"http:\/\/etival.fr\/wp-content\/uploads\/2014\/12\/16.-d\u00e9fil\u00e9.jpg\" alt=\"16.-d\u00e9fil\u00e9\" width=\"1000\" height=\"667\" srcset=\"https:\/\/etival.fr\/wp-content\/uploads\/2014\/12\/16.-d\u00e9fil\u00e9.jpg 1000w, https:\/\/etival.fr\/wp-content\/uploads\/2014\/12\/16.-d\u00e9fil\u00e9-300x200.jpg 300w, https:\/\/etival.fr\/wp-content\/uploads\/2014\/12\/16.-d\u00e9fil\u00e9-624x416.jpg 624w\" sizes=\"auto, (max-width: 1000px) 100vw, 1000px\" \/><\/a><\/p>\n<p>&nbsp;<\/p>\n<p><a href=\"http:\/\/etival.fr\/wp-content\/uploads\/2014\/12\/17-chipotte.jpg\"><img loading=\"lazy\" decoding=\"async\" class=\"alignleft size-full wp-image-1104\" src=\"http:\/\/etival.fr\/wp-content\/uploads\/2014\/12\/17-chipotte.jpg\" alt=\"17-chipotte\" width=\"1000\" height=\"667\" srcset=\"https:\/\/etival.fr\/wp-content\/uploads\/2014\/12\/17-chipotte.jpg 1000w, https:\/\/etival.fr\/wp-content\/uploads\/2014\/12\/17-chipotte-300x200.jpg 300w, https:\/\/etival.fr\/wp-content\/uploads\/2014\/12\/17-chipotte-624x416.jpg 624w\" sizes=\"auto, (max-width: 1000px) 100vw, 1000px\" \/><\/a><\/p>\n<p>&nbsp;<\/p>\n<p><a href=\"http:\/\/etival.fr\/wp-content\/uploads\/2014\/12\/18.-christophe.jpg\"><img loading=\"lazy\" decoding=\"async\" class=\"alignleft size-full wp-image-1105\" src=\"http:\/\/etival.fr\/wp-content\/uploads\/2014\/12\/18.-christophe.jpg\" alt=\"18.-christophe\" width=\"1000\" height=\"1337\" srcset=\"https:\/\/etival.fr\/wp-content\/uploads\/2014\/12\/18.-christophe.jpg 1000w, https:\/\/etival.fr\/wp-content\/uploads\/2014\/12\/18.-christophe-224x300.jpg 224w, https:\/\/etival.fr\/wp-content\/uploads\/2014\/12\/18.-christophe-765x1024.jpg 765w, https:\/\/etival.fr\/wp-content\/uploads\/2014\/12\/18.-christophe-624x834.jpg 624w\" sizes=\"auto, (max-width: 1000px) 100vw, 1000px\" \/><\/a><\/p>\n<p>&nbsp;<\/p>\n<p><a href=\"http:\/\/etival.fr\/wp-content\/uploads\/2014\/12\/19.-aviateur.jpg\"><img loading=\"lazy\" decoding=\"async\" class=\"alignleft size-full wp-image-1106\" src=\"http:\/\/etival.fr\/wp-content\/uploads\/2014\/12\/19.-aviateur.jpg\" alt=\"19.-aviateur\" width=\"1000\" height=\"667\" srcset=\"https:\/\/etival.fr\/wp-content\/uploads\/2014\/12\/19.-aviateur.jpg 1000w, https:\/\/etival.fr\/wp-content\/uploads\/2014\/12\/19.-aviateur-300x200.jpg 300w, https:\/\/etival.fr\/wp-content\/uploads\/2014\/12\/19.-aviateur-624x416.jpg 624w\" sizes=\"auto, (max-width: 1000px) 100vw, 1000px\" \/><\/a><\/p>\n<p>&nbsp;<\/p>\n<p><a href=\"http:\/\/etival.fr\/wp-content\/uploads\/2014\/12\/20.-pierre-d-appel.jpg\"><img loading=\"lazy\" decoding=\"async\" class=\"alignleft size-full wp-image-1107\" src=\"http:\/\/etival.fr\/wp-content\/uploads\/2014\/12\/20.-pierre-d-appel.jpg\" alt=\"20.-pierre-d-appel\" width=\"1000\" height=\"750\" srcset=\"https:\/\/etival.fr\/wp-content\/uploads\/2014\/12\/20.-pierre-d-appel.jpg 1000w, https:\/\/etival.fr\/wp-content\/uploads\/2014\/12\/20.-pierre-d-appel-300x225.jpg 300w, https:\/\/etival.fr\/wp-content\/uploads\/2014\/12\/20.-pierre-d-appel-624x468.jpg 624w\" sizes=\"auto, (max-width: 1000px) 100vw, 1000px\" \/><\/a><\/p>\n<p>&nbsp;<\/p>\n<p><a href=\"http:\/\/etival.fr\/wp-content\/uploads\/2014\/12\/21.-mairie.jpg\"><img loading=\"lazy\" decoding=\"async\" class=\"alignleft size-full wp-image-1108\" src=\"http:\/\/etival.fr\/wp-content\/uploads\/2014\/12\/21.-mairie.jpg\" alt=\"21.-mairie\" width=\"1000\" height=\"667\" srcset=\"https:\/\/etival.fr\/wp-content\/uploads\/2014\/12\/21.-mairie.jpg 1000w, https:\/\/etival.fr\/wp-content\/uploads\/2014\/12\/21.-mairie-300x200.jpg 300w, https:\/\/etival.fr\/wp-content\/uploads\/2014\/12\/21.-mairie-624x416.jpg 624w\" sizes=\"auto, (max-width: 1000px) 100vw, 1000px\" \/><\/a><\/p>\n<p>&nbsp;<\/p>\n<p><a href=\"http:\/\/etival.fr\/wp-content\/uploads\/2014\/12\/22.-etang-du-petit.jpg\"><img loading=\"lazy\" decoding=\"async\" class=\"alignleft size-full wp-image-1109\" src=\"http:\/\/etival.fr\/wp-content\/uploads\/2014\/12\/22.-etang-du-petit.jpg\" alt=\"22.-etang-du-petit\" width=\"1000\" height=\"750\" srcset=\"https:\/\/etival.fr\/wp-content\/uploads\/2014\/12\/22.-etang-du-petit.jpg 1000w, https:\/\/etival.fr\/wp-content\/uploads\/2014\/12\/22.-etang-du-petit-300x225.jpg 300w, https:\/\/etival.fr\/wp-content\/uploads\/2014\/12\/22.-etang-du-petit-624x468.jpg 624w\" sizes=\"auto, (max-width: 1000px) 100vw, 1000px\" \/><\/a><\/p>\n<p>&nbsp;<\/p>\n<p><a href=\"http:\/\/etival.fr\/wp-content\/uploads\/2014\/12\/23.-vue-papeterie.jpg\"><img loading=\"lazy\" decoding=\"async\" class=\"alignleft size-full wp-image-1110\" src=\"http:\/\/etival.fr\/wp-content\/uploads\/2014\/12\/23.-vue-papeterie.jpg\" alt=\"23.-vue-papeterie\" width=\"1000\" height=\"750\" srcset=\"https:\/\/etival.fr\/wp-content\/uploads\/2014\/12\/23.-vue-papeterie.jpg 1000w, https:\/\/etival.fr\/wp-content\/uploads\/2014\/12\/23.-vue-papeterie-300x225.jpg 300w, https:\/\/etival.fr\/wp-content\/uploads\/2014\/12\/23.-vue-papeterie-624x468.jpg 624w\" sizes=\"auto, (max-width: 1000px) 100vw, 1000px\" \/><\/a><\/p>\n<p>&nbsp;<\/p>\n<p><a href=\"http:\/\/etival.fr\/wp-content\/uploads\/2014\/12\/24.-vue.jpg\"><img loading=\"lazy\" decoding=\"async\" class=\"alignleft size-full wp-image-1111\" src=\"http:\/\/etival.fr\/wp-content\/uploads\/2014\/12\/24.-vue.jpg\" alt=\"24.-vue\" width=\"1000\" height=\"750\" srcset=\"https:\/\/etival.fr\/wp-content\/uploads\/2014\/12\/24.-vue.jpg 1000w, https:\/\/etival.fr\/wp-content\/uploads\/2014\/12\/24.-vue-300x225.jpg 300w, https:\/\/etival.fr\/wp-content\/uploads\/2014\/12\/24.-vue-624x468.jpg 624w\" sizes=\"auto, (max-width: 1000px) 100vw, 1000px\" \/><\/a><\/p>\n<p>&nbsp;<\/p>\n<p><a href=\"http:\/\/etival.fr\/wp-content\/uploads\/2014\/12\/25.-noel.jpg\"><img loading=\"lazy\" decoding=\"async\" class=\"alignleft size-full wp-image-1112\" src=\"http:\/\/etival.fr\/wp-content\/uploads\/2014\/12\/25.-noel.jpg\" alt=\"25.-noel\" width=\"1000\" height=\"667\" srcset=\"https:\/\/etival.fr\/wp-content\/uploads\/2014\/12\/25.-noel.jpg 1000w, https:\/\/etival.fr\/wp-content\/uploads\/2014\/12\/25.-noel-300x200.jpg 300w, https:\/\/etival.fr\/wp-content\/uploads\/2014\/12\/25.-noel-624x416.jpg 624w\" sizes=\"auto, (max-width: 1000px) 100vw, 1000px\" \/><\/a><\/p>\n<p>L\u2019\u00e9cole de Musique du Pays des Abbayes et nos majorettes ont souhait\u00e9 un Joyeux No\u00ebl aux personnes \u00e2g\u00e9es.<br \/>\n<img loading=\"lazy\" decoding=\"async\" class=\"alignleft size-full wp-image-1284\" src=\"http:\/\/etival.fr\/wp-content\/uploads\/2014\/12\/mini-concert-reside.jpg\" alt=\"mini-concert-reside\" width=\"1000\" height=\"430\" srcset=\"https:\/\/etival.fr\/wp-content\/uploads\/2014\/12\/mini-concert-reside.jpg 1000w, https:\/\/etival.fr\/wp-content\/uploads\/2014\/12\/mini-concert-reside-300x129.jpg 300w, https:\/\/etival.fr\/wp-content\/uploads\/2014\/12\/mini-concert-reside-624x268.jpg 624w\" sizes=\"auto, (max-width: 1000px) 100vw, 1000px\" \/><\/p>\n<p>Repas du C.C.A.S. 14 d\u00e9cembre 2014<br \/>\n<a href=\"http:\/\/etival.fr\/wp-content\/uploads\/2014\/12\/CCAS-1web.jpg\"><img loading=\"lazy\" decoding=\"async\" class=\"alignleft size-full wp-image-1229\" src=\"http:\/\/etival.fr\/wp-content\/uploads\/2014\/12\/CCAS-1web.jpg\" alt=\"CCAS-1web\" width=\"1000\" height=\"667\" srcset=\"https:\/\/etival.fr\/wp-content\/uploads\/2014\/12\/CCAS-1web.jpg 1000w, https:\/\/etival.fr\/wp-content\/uploads\/2014\/12\/CCAS-1web-300x200.jpg 300w, https:\/\/etival.fr\/wp-content\/uploads\/2014\/12\/CCAS-1web-624x416.jpg 624w\" sizes=\"auto, (max-width: 1000px) 100vw, 1000px\" \/><\/a><\/p>\n<p>Go\u00fbter interg\u00e9n\u00e9rationnel<br \/>\n<img loading=\"lazy\" decoding=\"async\" class=\"alignleft size-full wp-image-1218\" src=\"http:\/\/etival.fr\/wp-content\/uploads\/2014\/12\/arbre.jpg\" alt=\"arbre\" width=\"893\" height=\"493\" srcset=\"https:\/\/etival.fr\/wp-content\/uploads\/2014\/12\/arbre.jpg 893w, https:\/\/etival.fr\/wp-content\/uploads\/2014\/12\/arbre-300x165.jpg 300w, https:\/\/etival.fr\/wp-content\/uploads\/2014\/12\/arbre-624x344.jpg 624w\" sizes=\"auto, (max-width: 893px) 100vw, 893px\" \/><\/p>\n<p>Visite de Saint-Nicolas<br \/>\n<img loading=\"lazy\" decoding=\"async\" class=\"alignleft size-full wp-image-1209\" src=\"http:\/\/etival.fr\/wp-content\/uploads\/2014\/12\/Saint-Nicolas-1.jpg\" alt=\"Saint-Nicolas-1\" width=\"1000\" height=\"513\" srcset=\"https:\/\/etival.fr\/wp-content\/uploads\/2014\/12\/Saint-Nicolas-1.jpg 1000w, https:\/\/etival.fr\/wp-content\/uploads\/2014\/12\/Saint-Nicolas-1-300x153.jpg 300w, https:\/\/etival.fr\/wp-content\/uploads\/2014\/12\/Saint-Nicolas-1-624x320.jpg 624w\" sizes=\"auto, (max-width: 1000px) 100vw, 1000px\" \/><\/p>\n","protected":false},"excerpt":{"rendered":"<p>Photos du Calendrier de l&rsquo;Avent &nbsp; &nbsp; &nbsp; &nbsp; &nbsp; &nbsp; &nbsp; &nbsp; &nbsp; &nbsp; &nbsp; &nbsp; &nbsp; &nbsp; &nbsp; &nbsp; &nbsp; &nbsp; &nbsp; &nbsp; &nbsp; &nbsp; &nbsp; L\u2019\u00e9cole de Musique du Pays des Abbayes et nos majorettes ont souhait\u00e9 un Joyeux No\u00ebl aux personnes \u00e2g\u00e9es. Repas du C.C.A.S. 14 d\u00e9cembre 2014 Go\u00fbter interg\u00e9n\u00e9rationnel Visite [&hellip;]<\/p>\n","protected":false},"author":2,"featured_media":0,"parent":0,"menu_order":0,"comment_status":"closed","ping_status":"open","template":"","meta":{"footnotes":""},"class_list":["post-1317","page","type-page","status-publish","hentry"],"yoast_head":"<!-- This site is optimized with the Yoast SEO plugin v26.8 - https:\/\/yoast.com\/product\/yoast-seo-wordpress\/ -->\n<title>2014 - Etival-Clairefontaine<\/title>\n<meta name=\"robots\" content=\"index, follow, max-snippet:-1, max-image-preview:large, max-video-preview:-1\" \/>\n<link rel=\"canonical\" href=\"https:\/\/etival.fr\/?page_id=1317\" \/>\n<meta property=\"og:locale\" content=\"fr_FR\" \/>\n<meta property=\"og:type\" content=\"article\" \/>\n<meta property=\"og:title\" content=\"2014 - Etival-Clairefontaine\" \/>\n<meta property=\"og:description\" content=\"Photos du Calendrier de l&rsquo;Avent &nbsp; &nbsp; &nbsp; &nbsp; &nbsp; &nbsp; &nbsp; &nbsp; &nbsp; &nbsp; &nbsp; &nbsp; &nbsp; &nbsp; &nbsp; &nbsp; &nbsp; &nbsp; &nbsp; &nbsp; &nbsp; &nbsp; &nbsp; L\u2019\u00e9cole de Musique du Pays des Abbayes et nos majorettes ont souhait\u00e9 un Joyeux No\u00ebl aux personnes \u00e2g\u00e9es. Repas du C.C.A.S. 14 d\u00e9cembre 2014 Go\u00fbter interg\u00e9n\u00e9rationnel Visite [&hellip;]\" \/>\n<meta property=\"og:url\" content=\"https:\/\/etival.fr\/?page_id=1317\" \/>\n<meta property=\"og:site_name\" content=\"Etival-Clairefontaine\" \/>\n<meta property=\"article:modified_time\" content=\"2014-12-30T12:59:18+00:00\" \/>\n<meta property=\"og:image\" content=\"http:\/\/etival.fr\/wp-content\/uploads\/2014\/12\/1.ABBAYE.jpg\" \/>\n<meta name=\"twitter:card\" content=\"summary_large_image\" \/>\n<script type=\"application\/ld+json\" class=\"yoast-schema-graph\">{\"@context\":\"https:\/\/schema.org\",\"@graph\":[{\"@type\":\"WebPage\",\"@id\":\"https:\/\/etival.fr\/?page_id=1317\",\"url\":\"https:\/\/etival.fr\/?page_id=1317\",\"name\":\"2014 - Etival-Clairefontaine\",\"isPartOf\":{\"@id\":\"https:\/\/etival.fr\/#website\"},\"primaryImageOfPage\":{\"@id\":\"https:\/\/etival.fr\/?page_id=1317#primaryimage\"},\"image\":{\"@id\":\"https:\/\/etival.fr\/?page_id=1317#primaryimage\"},\"thumbnailUrl\":\"http:\/\/etival.fr\/wp-content\/uploads\/2014\/12\/1.ABBAYE.jpg\",\"datePublished\":\"2014-12-28T20:22:04+00:00\",\"dateModified\":\"2014-12-30T12:59:18+00:00\",\"breadcrumb\":{\"@id\":\"https:\/\/etival.fr\/?page_id=1317#breadcrumb\"},\"inLanguage\":\"fr-FR\",\"potentialAction\":[{\"@type\":\"ReadAction\",\"target\":[\"https:\/\/etival.fr\/?page_id=1317\"]}]},{\"@type\":\"ImageObject\",\"inLanguage\":\"fr-FR\",\"@id\":\"https:\/\/etival.fr\/?page_id=1317#primaryimage\",\"url\":\"http:\/\/etival.fr\/wp-content\/uploads\/2014\/12\/1.ABBAYE.jpg\",\"contentUrl\":\"http:\/\/etival.fr\/wp-content\/uploads\/2014\/12\/1.ABBAYE.jpg\"},{\"@type\":\"BreadcrumbList\",\"@id\":\"https:\/\/etival.fr\/?page_id=1317#breadcrumb\",\"itemListElement\":[{\"@type\":\"ListItem\",\"position\":1,\"name\":\"Accueil\",\"item\":\"https:\/\/etival.fr\/\"},{\"@type\":\"ListItem\",\"position\":2,\"name\":\"2014\"}]},{\"@type\":\"WebSite\",\"@id\":\"https:\/\/etival.fr\/#website\",\"url\":\"https:\/\/etival.fr\/\",\"name\":\"Etival-Clairefontaine\",\"description\":\"Informations et actualit\u00e9s de la commune\",\"potentialAction\":[{\"@type\":\"SearchAction\",\"target\":{\"@type\":\"EntryPoint\",\"urlTemplate\":\"https:\/\/etival.fr\/?s={search_term_string}\"},\"query-input\":{\"@type\":\"PropertyValueSpecification\",\"valueRequired\":true,\"valueName\":\"search_term_string\"}}],\"inLanguage\":\"fr-FR\"}]}<\/script>\n<!-- \/ Yoast SEO plugin. -->","yoast_head_json":{"title":"2014 - Etival-Clairefontaine","robots":{"index":"index","follow":"follow","max-snippet":"max-snippet:-1","max-image-preview":"max-image-preview:large","max-video-preview":"max-video-preview:-1"},"canonical":"https:\/\/etival.fr\/?page_id=1317","og_locale":"fr_FR","og_type":"article","og_title":"2014 - Etival-Clairefontaine","og_description":"Photos du Calendrier de l&rsquo;Avent &nbsp; &nbsp; &nbsp; &nbsp; &nbsp; &nbsp; &nbsp; &nbsp; &nbsp; &nbsp; &nbsp; &nbsp; &nbsp; &nbsp; &nbsp; &nbsp; &nbsp; &nbsp; &nbsp; &nbsp; &nbsp; &nbsp; &nbsp; L\u2019\u00e9cole de Musique du Pays des Abbayes et nos majorettes ont souhait\u00e9 un Joyeux No\u00ebl aux personnes \u00e2g\u00e9es. Repas du C.C.A.S. 14 d\u00e9cembre 2014 Go\u00fbter interg\u00e9n\u00e9rationnel Visite [&hellip;]","og_url":"https:\/\/etival.fr\/?page_id=1317","og_site_name":"Etival-Clairefontaine","article_modified_time":"2014-12-30T12:59:18+00:00","og_image":[{"url":"http:\/\/etival.fr\/wp-content\/uploads\/2014\/12\/1.ABBAYE.jpg","type":"","width":"","height":""}],"twitter_card":"summary_large_image","schema":{"@context":"https:\/\/schema.org","@graph":[{"@type":"WebPage","@id":"https:\/\/etival.fr\/?page_id=1317","url":"https:\/\/etival.fr\/?page_id=1317","name":"2014 - Etival-Clairefontaine","isPartOf":{"@id":"https:\/\/etival.fr\/#website"},"primaryImageOfPage":{"@id":"https:\/\/etival.fr\/?page_id=1317#primaryimage"},"image":{"@id":"https:\/\/etival.fr\/?page_id=1317#primaryimage"},"thumbnailUrl":"http:\/\/etival.fr\/wp-content\/uploads\/2014\/12\/1.ABBAYE.jpg","datePublished":"2014-12-28T20:22:04+00:00","dateModified":"2014-12-30T12:59:18+00:00","breadcrumb":{"@id":"https:\/\/etival.fr\/?page_id=1317#breadcrumb"},"inLanguage":"fr-FR","potentialAction":[{"@type":"ReadAction","target":["https:\/\/etival.fr\/?page_id=1317"]}]},{"@type":"ImageObject","inLanguage":"fr-FR","@id":"https:\/\/etival.fr\/?page_id=1317#primaryimage","url":"http:\/\/etival.fr\/wp-content\/uploads\/2014\/12\/1.ABBAYE.jpg","contentUrl":"http:\/\/etival.fr\/wp-content\/uploads\/2014\/12\/1.ABBAYE.jpg"},{"@type":"BreadcrumbList","@id":"https:\/\/etival.fr\/?page_id=1317#breadcrumb","itemListElement":[{"@type":"ListItem","position":1,"name":"Accueil","item":"https:\/\/etival.fr\/"},{"@type":"ListItem","position":2,"name":"2014"}]},{"@type":"WebSite","@id":"https:\/\/etival.fr\/#website","url":"https:\/\/etival.fr\/","name":"Etival-Clairefontaine","description":"Informations et actualit\u00e9s de la commune","potentialAction":[{"@type":"SearchAction","target":{"@type":"EntryPoint","urlTemplate":"https:\/\/etival.fr\/?s={search_term_string}"},"query-input":{"@type":"PropertyValueSpecification","valueRequired":true,"valueName":"search_term_string"}}],"inLanguage":"fr-FR"}]}},"_links":{"self":[{"href":"https:\/\/etival.fr\/index.php?rest_route=\/wp\/v2\/pages\/1317","targetHints":{"allow":["GET"]}}],"collection":[{"href":"https:\/\/etival.fr\/index.php?rest_route=\/wp\/v2\/pages"}],"about":[{"href":"https:\/\/etival.fr\/index.php?rest_route=\/wp\/v2\/types\/page"}],"author":[{"embeddable":true,"href":"https:\/\/etival.fr\/index.php?rest_route=\/wp\/v2\/users\/2"}],"replies":[{"embeddable":true,"href":"https:\/\/etival.fr\/index.php?rest_route=%2Fwp%2Fv2%2Fcomments&post=1317"}],"version-history":[{"count":18,"href":"https:\/\/etival.fr\/index.php?rest_route=\/wp\/v2\/pages\/1317\/revisions"}],"predecessor-version":[{"id":1349,"href":"https:\/\/etival.fr\/index.php?rest_route=\/wp\/v2\/pages\/1317\/revisions\/1349"}],"wp:attachment":[{"href":"https:\/\/etival.fr\/index.php?rest_route=%2Fwp%2Fv2%2Fmedia&parent=1317"}],"curies":[{"name":"wp","href":"https:\/\/api.w.org\/{rel}","templated":true}]}}