{"id":142,"date":"2014-07-16T10:33:21","date_gmt":"2014-07-16T09:33:21","guid":{"rendered":"http:\/\/etival.fr\/?page_id=142"},"modified":"2026-01-31T10:02:36","modified_gmt":"2026-01-31T09:02:36","slug":"associations-diverses","status":"publish","type":"page","link":"https:\/\/etival.fr\/?page_id=142","title":{"rendered":"Associations Diverses"},"content":{"rendered":"\n<p><span style=\"color: #ff6600;\"><strong>COMIT\u00c9 DES F\u00caTES<\/strong><\/span><br>Pr\u00e9sidente : C\u00e9cile MARCHAL &#8211; 06.80.62.52.28<br>Mail. :&nbsp;<a href=\"mailto:comitefetesetival@gmail.com\">comitefetesetival@gmail.com<br><\/a>Site Internet : <a href=\"https:\/\/www.facebook.com\/groups\/1574223509458135\/?fref=ts\">ICI<\/a><\/p>\n\n\n\n<p><span style=\"color: #ff6600;\"><strong>ABCD \u00c9COLES EN F\u00caTE<br><\/strong><span style=\"color: #333333;\">Pr\u00e9sidente : Pauline MORTIER &#8211; 06.73.63.83.68<\/span><\/span><\/p>\n\n\n\n<p><strong><span style=\"color: #ff6600;\">SAPEURS-POMPIERS<br><\/span><\/strong>Responsable : <\/p>\n\n\n\n<p><strong><span style=\"color: #ff6600;\">AMICALE DES SAPEURS-POMPIERS<\/span> <\/strong><br>Responsable : Ang\u00e9lique VELY &#8211; 06.13.42.95.53<\/p>\n\n\n\n<p><strong><span style=\"color: #ff6600;\">CIRQU&rsquo;ARTSC\u00c8NE<\/span><\/strong><br>Responsable : Marie-H\u00e9l\u00e8ne KOPF &#8211; 03.29.41.49.48<\/p>\n\n\n\n<p><strong><span style=\"color: #ff6600;\">R.M.V. ANIMATION<\/span><\/strong><br>Responsable : G\u00e9rard BONATO &#8211; 03.29.41.83.02<\/p>\n\n\n\n<p><strong><span style=\"color: #ff6600;\">AMICALE DE LA CLASSE 67<br><\/span><\/strong>Responsable : Jean-Paul VOINSON &#8211; 06.63.67.05.78<\/p>\n","protected":false},"excerpt":{"rendered":"<p>COMIT\u00c9 DES F\u00caTESPr\u00e9sidente : C\u00e9cile MARCHAL &#8211; 06.80.62.52.28Mail. :&nbsp;comitefetesetival@gmail.comSite Internet : ICI ABCD \u00c9COLES EN F\u00caTEPr\u00e9sidente : Pauline MORTIER &#8211; 06.73.63.83.68 SAPEURS-POMPIERSResponsable : AMICALE DES SAPEURS-POMPIERS Responsable : Ang\u00e9lique VELY &#8211; 06.13.42.95.53 CIRQU&rsquo;ARTSC\u00c8NEResponsable : Marie-H\u00e9l\u00e8ne KOPF &#8211; 03.29.41.49.48 R.M.V. ANIMATIONResponsable : G\u00e9rard BONATO &#8211; 03.29.41.83.02 AMICALE DE LA CLASSE 67Responsable : Jean-Paul VOINSON &#8211; 06.63.67.05.78<\/p>\n","protected":false},"author":2,"featured_media":0,"parent":130,"menu_order":0,"comment_status":"closed","ping_status":"open","template":"","meta":{"footnotes":""},"class_list":["post-142","page","type-page","status-publish","hentry"],"yoast_head":"<!-- This site is optimized with the Yoast SEO plugin v26.8 - https:\/\/yoast.com\/product\/yoast-seo-wordpress\/ -->\n<title>Associations Diverses - Etival-Clairefontaine<\/title>\n<meta name=\"robots\" content=\"index, follow, max-snippet:-1, max-image-preview:large, max-video-preview:-1\" \/>\n<link rel=\"canonical\" href=\"https:\/\/etival.fr\/?page_id=142\" \/>\n<meta property=\"og:locale\" content=\"fr_FR\" \/>\n<meta property=\"og:type\" content=\"article\" \/>\n<meta property=\"og:title\" content=\"Associations Diverses - Etival-Clairefontaine\" \/>\n<meta property=\"og:description\" content=\"COMIT\u00c9 DES F\u00caTESPr\u00e9sidente : C\u00e9cile MARCHAL &#8211; 06.80.62.52.28Mail. :&nbsp;comitefetesetival@gmail.comSite Internet : ICI ABCD \u00c9COLES EN F\u00caTEPr\u00e9sidente : Pauline MORTIER &#8211; 06.73.63.83.68 SAPEURS-POMPIERSResponsable : AMICALE DES SAPEURS-POMPIERS Responsable : Ang\u00e9lique VELY &#8211; 06.13.42.95.53 CIRQU&rsquo;ARTSC\u00c8NEResponsable : Marie-H\u00e9l\u00e8ne KOPF &#8211; 03.29.41.49.48 R.M.V. ANIMATIONResponsable : G\u00e9rard BONATO &#8211; 03.29.41.83.02 AMICALE DE LA CLASSE 67Responsable : Jean-Paul VOINSON &#8211; 06.63.67.05.78\" \/>\n<meta property=\"og:url\" content=\"https:\/\/etival.fr\/?page_id=142\" \/>\n<meta property=\"og:site_name\" content=\"Etival-Clairefontaine\" \/>\n<meta property=\"article:modified_time\" content=\"2026-01-31T09:02:36+00:00\" \/>\n<meta name=\"twitter:card\" content=\"summary_large_image\" \/>\n<meta name=\"twitter:label1\" content=\"Dur\u00e9e de lecture estim\u00e9e\" \/>\n\t<meta name=\"twitter:data1\" content=\"1 minute\" \/>\n<script type=\"application\/ld+json\" class=\"yoast-schema-graph\">{\"@context\":\"https:\/\/schema.org\",\"@graph\":[{\"@type\":\"WebPage\",\"@id\":\"https:\/\/etival.fr\/?page_id=142\",\"url\":\"https:\/\/etival.fr\/?page_id=142\",\"name\":\"Associations Diverses - Etival-Clairefontaine\",\"isPartOf\":{\"@id\":\"https:\/\/etival.fr\/#website\"},\"datePublished\":\"2014-07-16T09:33:21+00:00\",\"dateModified\":\"2026-01-31T09:02:36+00:00\",\"breadcrumb\":{\"@id\":\"https:\/\/etival.fr\/?page_id=142#breadcrumb\"},\"inLanguage\":\"fr-FR\",\"potentialAction\":[{\"@type\":\"ReadAction\",\"target\":[\"https:\/\/etival.fr\/?page_id=142\"]}]},{\"@type\":\"BreadcrumbList\",\"@id\":\"https:\/\/etival.fr\/?page_id=142#breadcrumb\",\"itemListElement\":[{\"@type\":\"ListItem\",\"position\":1,\"name\":\"Accueil\",\"item\":\"https:\/\/etival.fr\/\"},{\"@type\":\"ListItem\",\"position\":2,\"name\":\"Infos pratiques\",\"item\":\"https:\/\/etival.fr\/?page_id=50\"},{\"@type\":\"ListItem\",\"position\":3,\"name\":\"Annuaire des Associations\",\"item\":\"https:\/\/etival.fr\/?page_id=130\"},{\"@type\":\"ListItem\",\"position\":4,\"name\":\"Associations Diverses\"}]},{\"@type\":\"WebSite\",\"@id\":\"https:\/\/etival.fr\/#website\",\"url\":\"https:\/\/etival.fr\/\",\"name\":\"Etival-Clairefontaine\",\"description\":\"Informations et actualit\u00e9s de la commune\",\"potentialAction\":[{\"@type\":\"SearchAction\",\"target\":{\"@type\":\"EntryPoint\",\"urlTemplate\":\"https:\/\/etival.fr\/?s={search_term_string}\"},\"query-input\":{\"@type\":\"PropertyValueSpecification\",\"valueRequired\":true,\"valueName\":\"search_term_string\"}}],\"inLanguage\":\"fr-FR\"}]}<\/script>\n<!-- \/ Yoast SEO plugin. -->","yoast_head_json":{"title":"Associations Diverses - Etival-Clairefontaine","robots":{"index":"index","follow":"follow","max-snippet":"max-snippet:-1","max-image-preview":"max-image-preview:large","max-video-preview":"max-video-preview:-1"},"canonical":"https:\/\/etival.fr\/?page_id=142","og_locale":"fr_FR","og_type":"article","og_title":"Associations Diverses - Etival-Clairefontaine","og_description":"COMIT\u00c9 DES F\u00caTESPr\u00e9sidente : C\u00e9cile MARCHAL &#8211; 06.80.62.52.28Mail. :&nbsp;comitefetesetival@gmail.comSite Internet : ICI ABCD \u00c9COLES EN F\u00caTEPr\u00e9sidente : Pauline MORTIER &#8211; 06.73.63.83.68 SAPEURS-POMPIERSResponsable : AMICALE DES SAPEURS-POMPIERS Responsable : Ang\u00e9lique VELY &#8211; 06.13.42.95.53 CIRQU&rsquo;ARTSC\u00c8NEResponsable : Marie-H\u00e9l\u00e8ne KOPF &#8211; 03.29.41.49.48 R.M.V. ANIMATIONResponsable : G\u00e9rard BONATO &#8211; 03.29.41.83.02 AMICALE DE LA CLASSE 67Responsable : Jean-Paul VOINSON &#8211; 06.63.67.05.78","og_url":"https:\/\/etival.fr\/?page_id=142","og_site_name":"Etival-Clairefontaine","article_modified_time":"2026-01-31T09:02:36+00:00","twitter_card":"summary_large_image","twitter_misc":{"Dur\u00e9e de lecture estim\u00e9e":"1 minute"},"schema":{"@context":"https:\/\/schema.org","@graph":[{"@type":"WebPage","@id":"https:\/\/etival.fr\/?page_id=142","url":"https:\/\/etival.fr\/?page_id=142","name":"Associations Diverses - Etival-Clairefontaine","isPartOf":{"@id":"https:\/\/etival.fr\/#website"},"datePublished":"2014-07-16T09:33:21+00:00","dateModified":"2026-01-31T09:02:36+00:00","breadcrumb":{"@id":"https:\/\/etival.fr\/?page_id=142#breadcrumb"},"inLanguage":"fr-FR","potentialAction":[{"@type":"ReadAction","target":["https:\/\/etival.fr\/?page_id=142"]}]},{"@type":"BreadcrumbList","@id":"https:\/\/etival.fr\/?page_id=142#breadcrumb","itemListElement":[{"@type":"ListItem","position":1,"name":"Accueil","item":"https:\/\/etival.fr\/"},{"@type":"ListItem","position":2,"name":"Infos pratiques","item":"https:\/\/etival.fr\/?page_id=50"},{"@type":"ListItem","position":3,"name":"Annuaire des Associations","item":"https:\/\/etival.fr\/?page_id=130"},{"@type":"ListItem","position":4,"name":"Associations Diverses"}]},{"@type":"WebSite","@id":"https:\/\/etival.fr\/#website","url":"https:\/\/etival.fr\/","name":"Etival-Clairefontaine","description":"Informations et actualit\u00e9s de la commune","potentialAction":[{"@type":"SearchAction","target":{"@type":"EntryPoint","urlTemplate":"https:\/\/etival.fr\/?s={search_term_string}"},"query-input":{"@type":"PropertyValueSpecification","valueRequired":true,"valueName":"search_term_string"}}],"inLanguage":"fr-FR"}]}},"_links":{"self":[{"href":"https:\/\/etival.fr\/index.php?rest_route=\/wp\/v2\/pages\/142","targetHints":{"allow":["GET"]}}],"collection":[{"href":"https:\/\/etival.fr\/index.php?rest_route=\/wp\/v2\/pages"}],"about":[{"href":"https:\/\/etival.fr\/index.php?rest_route=\/wp\/v2\/types\/page"}],"author":[{"embeddable":true,"href":"https:\/\/etival.fr\/index.php?rest_route=\/wp\/v2\/users\/2"}],"replies":[{"embeddable":true,"href":"https:\/\/etival.fr\/index.php?rest_route=%2Fwp%2Fv2%2Fcomments&post=142"}],"version-history":[{"count":21,"href":"https:\/\/etival.fr\/index.php?rest_route=\/wp\/v2\/pages\/142\/revisions"}],"predecessor-version":[{"id":13477,"href":"https:\/\/etival.fr\/index.php?rest_route=\/wp\/v2\/pages\/142\/revisions\/13477"}],"up":[{"embeddable":true,"href":"https:\/\/etival.fr\/index.php?rest_route=\/wp\/v2\/pages\/130"}],"wp:attachment":[{"href":"https:\/\/etival.fr\/index.php?rest_route=%2Fwp%2Fv2%2Fmedia&parent=142"}],"curies":[{"name":"wp","href":"https:\/\/api.w.org\/{rel}","templated":true}]}}

<p><span style="color: #ff6600;"><strong>COMITÉ DES FÊTES</strong></span><br>Présidente : Cécile MARCHAL &#8211; 06.80.62.52.28<br>Mail. :&nbsp;<a href="mailto:comitefetesetival@gmail.com">comitefetesetival@gmail.com<br></a>Site Internet : <a href="https://www.facebook.com/groups/1574223509458135/?fref=ts">ICI</a></p>



<p><span style="color: #ff6600;"><strong>ABCD ÉCOLES EN FÊTE<br></strong><span style="color: #333333;">Présidente : Pauline MORTIER &#8211; 06.73.63.83.68</span></span></p>



<p><strong><span style="color: #ff6600;">SAPEURS-POMPIERS<br></span></strong>Responsable : </p>



<p><strong><span style="color: #ff6600;">AMICALE DES SAPEURS-POMPIERS</span> </strong><br>Responsable : Angélique VELY &#8211; 06.13.42.95.53</p>



<p><strong><span style="color: #ff6600;">CIRQU&rsquo;ARTSCÈNE</span></strong><br>Responsable : Marie-Hélène KOPF &#8211; 03.29.41.49.48</p>



<p><strong><span style="color: #ff6600;">R.M.V. ANIMATION</span></strong><br>Responsable : Gérard BONATO &#8211; 03.29.41.83.02</p>



<p><strong><span style="color: #ff6600;">AMICALE DE LA CLASSE 67<br></span></strong>Responsable : Jean-Paul VOINSON &#8211; 06.63.67.05.78</p>

<p>COMITÉ DES FÊTESPrésidente : Cécile MARCHAL &#8211; 06.80.62.52.28Mail. :&nbsp;comitefetesetival@gmail.comSite Internet : ICI ABCD ÉCOLES EN FÊTEPrésidente : Pauline MORTIER &#8211; 06.73.63.83.68 SAPEURS-POMPIERSResponsable : AMICALE DES SAPEURS-POMPIERS Responsable : Angélique VELY &#8211; 06.13.42.95.53 CIRQU&rsquo;ARTSCÈNEResponsable : Marie-Hélène KOPF &#8211; 03.29.41.49.48 R.M.V. ANIMATIONResponsable : Gérard BONATO &#8211; 03.29.41.83.02 AMICALE DE LA CLASSE 67Responsable : Jean-Paul VOINSON &#8211; 06.63.67.05.78</p>

<!-- This site is optimized with the Yoast SEO plugin v26.8 - https://yoast.com/product/yoast-seo-wordpress/ -->
<title>Associations Diverses - Etival-Clairefontaine</title>
<meta name="robots" content="index, follow, max-snippet:-1, max-image-preview:large, max-video-preview:-1" />
<link rel="canonical" href="https://etival.fr/?page_id=142" />
<meta property="og:locale" content="fr_FR" />
<meta property="og:type" content="article" />
<meta property="og:title" content="Associations Diverses - Etival-Clairefontaine" />
<meta property="og:description" content="COMITÉ DES FÊTESPrésidente : Cécile MARCHAL &#8211; 06.80.62.52.28Mail. :&nbsp;comitefetesetival@gmail.comSite Internet : ICI ABCD ÉCOLES EN FÊTEPrésidente : Pauline MORTIER &#8211; 06.73.63.83.68 SAPEURS-POMPIERSResponsable : AMICALE DES SAPEURS-POMPIERS Responsable : Angélique VELY &#8211; 06.13.42.95.53 CIRQU&rsquo;ARTSCÈNEResponsable : Marie-Hélène KOPF &#8211; 03.29.41.49.48 R.M.V. ANIMATIONResponsable : Gérard BONATO &#8211; 03.29.41.83.02 AMICALE DE LA CLASSE 67Responsable : Jean-Paul VOINSON &#8211; 06.63.67.05.78" />
<meta property="og:url" content="https://etival.fr/?page_id=142" />
<meta property="og:site_name" content="Etival-Clairefontaine" />
<meta property="article:modified_time" content="2026-01-31T09:02:36+00:00" />
<meta name="twitter:card" content="summary_large_image" />
<meta name="twitter:label1" content="Durée de lecture estimée" />
	<meta name="twitter:data1" content="1 minute" />
<script type="application/ld+json" class="yoast-schema-graph">{"@context":"https://schema.org","@graph":[{"@type":"WebPage","@id":"https://etival.fr/?page_id=142","url":"https://etival.fr/?page_id=142","name":"Associations Diverses - Etival-Clairefontaine","isPartOf":{"@id":"https://etival.fr/#website"},"datePublished":"2014-07-16T09:33:21+00:00","dateModified":"2026-01-31T09:02:36+00:00","breadcrumb":{"@id":"https://etival.fr/?page_id=142#breadcrumb"},"inLanguage":"fr-FR","potentialAction":[{"@type":"ReadAction","target":["https://etival.fr/?page_id=142"]}]},{"@type":"BreadcrumbList","@id":"https://etival.fr/?page_id=142#breadcrumb","itemListElement":[{"@type":"ListItem","position":1,"name":"Accueil","item":"https://etival.fr/"},{"@type":"ListItem","position":2,"name":"Infos pratiques","item":"https://etival.fr/?page_id=50"},{"@type":"ListItem","position":3,"name":"Annuaire des Associations","item":"https://etival.fr/?page_id=130"},{"@type":"ListItem","position":4,"name":"Associations Diverses"}]},{"@type":"WebSite","@id":"https://etival.fr/#website","url":"https://etival.fr/","name":"Etival-Clairefontaine","description":"Informations et actualités de la commune","potentialAction":[{"@type":"SearchAction","target":{"@type":"EntryPoint","urlTemplate":"https://etival.fr/?s={search_term_string}"},"query-input":{"@type":"PropertyValueSpecification","valueRequired":true,"valueName":"search_term_string"}}],"inLanguage":"fr-FR"}]}</script>
<!-- / Yoast SEO plugin. -->

COMITÉ DES FÊTESPrésidente : Cécile MARCHAL &#8211; 06.80.62.52.28Mail. :&nbsp;comitefetesetival@gmail.comSite Internet : ICI ABCD ÉCOLES EN FÊTEPrésidente : Pauline MORTIER &#8211; 06.73.63.83.68 SAPEURS-POMPIERSResponsable : AMICALE DES SAPEURS-POMPIERS Responsable : Angélique VELY &#8211; 06.13.42.95.53 CIRQU&rsquo;ARTSCÈNEResponsable : Marie-Hélène KOPF &#8211; 03.29.41.49.48 R.M.V. ANIMATIONResponsable : Gérard BONATO &#8211; 03.29.41.83.02 AMICALE DE LA CLASSE 67Responsable : Jean-Paul VOINSON &#8211; 06.63.67.05.78

Informations et actualités de la commune
