{"id":169,"date":"2014-07-16T13:39:55","date_gmt":"2014-07-16T12:39:55","guid":{"rendered":"http:\/\/etival.fr\/?page_id=169"},"modified":"2019-11-06T08:14:27","modified_gmt":"2019-11-06T07:14:27","slug":"mediatheque-de-territoire","status":"publish","type":"page","link":"https:\/\/etival.fr\/?page_id=169","title":{"rendered":"M\u00e9diath\u00e8que"},"content":{"rendered":"<p>&nbsp;<\/p>\n<p><a href=\"\/wp-content\/uploads\/2014\/09\/media3.jpg\"><img loading=\"lazy\" decoding=\"async\" class=\"alignleft size-thumbnail wp-image-458\" src=\"\/wp-content\/uploads\/2014\/09\/media3-150x150.jpg\" alt=\"media3\" width=\"150\" height=\"150\" \/><img loading=\"lazy\" decoding=\"async\" class=\"wp-image-4790 alignleft\" src=\"http:\/\/etival.fr\/wp-content\/uploads\/2017\/03\/t\u00e9l\u00e9chargement.jpg\" alt=\"\" width=\"121\" height=\"222\" \/><br \/>\n<\/a><\/p>\n<p>&nbsp;<\/p>\n<p>&nbsp;<\/p>\n<p>&nbsp;<\/p>\n<p>&nbsp;<\/p>\n<p>&nbsp;<\/p>\n<p>12, Cour des Moines<br \/>\n88480 ETIVAL-CLAIREFONTAINE<br \/>\nT\u00e9l. : 03.29.41.95.32<\/p>\n<h3>Horaires<\/h3>\n<ul>\n<li>Le mardi de 15h30 \u00e0 18h30<\/li>\n<li>Le mercredi de 10h00 \u00e0 12h00 et de 14h00 \u00e0 18h30<\/li>\n<li>Le vendredi de 15h30 \u00e0 19h00<\/li>\n<li>Le samedi de 10h00 \u00e0 12h00 et de 14h00 \u00e0 17h30<\/li>\n<\/ul>\n<ul>\n<li>les<strong> P\u2019tits lus<\/strong> : 3<sup>\u00e8me<\/sup> mercredi du mois \u00e0 9h30<\/li>\n<li>la <strong>Malle aux histoires<\/strong> le 1<sup>er<\/sup>\u00a0samedi du mois \u00e0 15h00<\/li>\n<li>chaque 3<sup>\u00e8me<\/sup> samedi du mois \u00e0 15h00 : <strong>En avant la musique<\/strong><\/li>\n<li><strong>Tricote papote :<\/strong> chaque 2<sup>\u00e8me<\/sup> samedi du mois de 14h00 \u00e0 17h30<\/li>\n<\/ul>\n<p>Pour tout renseignement : <a href=\"mailto:med.etival@ca-saintdie.fr\">med.etival@ca-saintdie.fr<\/a><\/p>\n<p><img loading=\"lazy\" decoding=\"async\" class=\"alignnone size-full wp-image-6535\" src=\"http:\/\/etival.fr\/wp-content\/uploads\/2018\/07\/Tarifs-et-coordonn\u00e9es-m\u00e9diath\u00e8ques-Interco-1.jpg\" alt=\"\" width=\"1000\" height=\"750\" srcset=\"https:\/\/etival.fr\/wp-content\/uploads\/2018\/07\/Tarifs-et-coordonn\u00e9es-m\u00e9diath\u00e8ques-Interco-1.jpg 1000w, https:\/\/etival.fr\/wp-content\/uploads\/2018\/07\/Tarifs-et-coordonn\u00e9es-m\u00e9diath\u00e8ques-Interco-1-300x225.jpg 300w, https:\/\/etival.fr\/wp-content\/uploads\/2018\/07\/Tarifs-et-coordonn\u00e9es-m\u00e9diath\u00e8ques-Interco-1-768x576.jpg 768w, https:\/\/etival.fr\/wp-content\/uploads\/2018\/07\/Tarifs-et-coordonn\u00e9es-m\u00e9diath\u00e8ques-Interco-1-624x468.jpg 624w\" sizes=\"auto, (max-width: 1000px) 100vw, 1000px\" \/><\/p>\n<p><img loading=\"lazy\" decoding=\"async\" class=\"alignnone size-full wp-image-6536\" src=\"http:\/\/etival.fr\/wp-content\/uploads\/2018\/07\/Tarifs-et-coordonn\u00e9es-m\u00e9diath\u00e8ques-Interco-2.jpg\" alt=\"\" width=\"1000\" height=\"750\" srcset=\"https:\/\/etival.fr\/wp-content\/uploads\/2018\/07\/Tarifs-et-coordonn\u00e9es-m\u00e9diath\u00e8ques-Interco-2.jpg 1000w, https:\/\/etival.fr\/wp-content\/uploads\/2018\/07\/Tarifs-et-coordonn\u00e9es-m\u00e9diath\u00e8ques-Interco-2-300x225.jpg 300w, https:\/\/etival.fr\/wp-content\/uploads\/2018\/07\/Tarifs-et-coordonn\u00e9es-m\u00e9diath\u00e8ques-Interco-2-768x576.jpg 768w, https:\/\/etival.fr\/wp-content\/uploads\/2018\/07\/Tarifs-et-coordonn\u00e9es-m\u00e9diath\u00e8ques-Interco-2-624x468.jpg 624w\" sizes=\"auto, (max-width: 1000px) 100vw, 1000px\" \/><\/p>\n","protected":false},"excerpt":{"rendered":"<p>&nbsp; &nbsp; &nbsp; &nbsp; &nbsp; &nbsp; 12, Cour des Moines 88480 ETIVAL-CLAIREFONTAINE T\u00e9l. : 03.29.41.95.32 Horaires Le mardi de 15h30 \u00e0 18h30 Le mercredi de 10h00 \u00e0 12h00 et de 14h00 \u00e0 18h30 Le vendredi de 15h30 \u00e0 19h00 Le samedi de 10h00 \u00e0 12h00 et de 14h00 \u00e0 17h30 les P\u2019tits lus : 3\u00e8me [&hellip;]<\/p>\n","protected":false},"author":2,"featured_media":0,"parent":0,"menu_order":0,"comment_status":"closed","ping_status":"open","template":"page-templates\/full-width.php","meta":{"footnotes":""},"class_list":["post-169","page","type-page","status-publish","hentry"],"yoast_head":"<!-- This site is optimized with the Yoast SEO plugin v26.8 - https:\/\/yoast.com\/product\/yoast-seo-wordpress\/ -->\n<title>M\u00e9diath\u00e8que - Etival-Clairefontaine<\/title>\n<meta name=\"robots\" content=\"index, follow, max-snippet:-1, max-image-preview:large, max-video-preview:-1\" \/>\n<link rel=\"canonical\" href=\"https:\/\/etival.fr\/?page_id=169\" \/>\n<meta property=\"og:locale\" content=\"fr_FR\" \/>\n<meta property=\"og:type\" content=\"article\" \/>\n<meta property=\"og:title\" content=\"M\u00e9diath\u00e8que - Etival-Clairefontaine\" \/>\n<meta property=\"og:description\" content=\"&nbsp; &nbsp; &nbsp; &nbsp; &nbsp; &nbsp; 12, Cour des Moines 88480 ETIVAL-CLAIREFONTAINE T\u00e9l. : 03.29.41.95.32 Horaires Le mardi de 15h30 \u00e0 18h30 Le mercredi de 10h00 \u00e0 12h00 et de 14h00 \u00e0 18h30 Le vendredi de 15h30 \u00e0 19h00 Le samedi de 10h00 \u00e0 12h00 et de 14h00 \u00e0 17h30 les P\u2019tits lus : 3\u00e8me [&hellip;]\" \/>\n<meta property=\"og:url\" content=\"https:\/\/etival.fr\/?page_id=169\" \/>\n<meta property=\"og:site_name\" content=\"Etival-Clairefontaine\" \/>\n<meta property=\"article:modified_time\" content=\"2019-11-06T07:14:27+00:00\" \/>\n<meta name=\"twitter:card\" content=\"summary_large_image\" \/>\n<script type=\"application\/ld+json\" class=\"yoast-schema-graph\">{\"@context\":\"https:\/\/schema.org\",\"@graph\":[{\"@type\":\"WebPage\",\"@id\":\"https:\/\/etival.fr\/?page_id=169\",\"url\":\"https:\/\/etival.fr\/?page_id=169\",\"name\":\"M\u00e9diath\u00e8que - Etival-Clairefontaine\",\"isPartOf\":{\"@id\":\"https:\/\/etival.fr\/#website\"},\"datePublished\":\"2014-07-16T12:39:55+00:00\",\"dateModified\":\"2019-11-06T07:14:27+00:00\",\"breadcrumb\":{\"@id\":\"https:\/\/etival.fr\/?page_id=169#breadcrumb\"},\"inLanguage\":\"fr-FR\",\"potentialAction\":[{\"@type\":\"ReadAction\",\"target\":[\"https:\/\/etival.fr\/?page_id=169\"]}]},{\"@type\":\"BreadcrumbList\",\"@id\":\"https:\/\/etival.fr\/?page_id=169#breadcrumb\",\"itemListElement\":[{\"@type\":\"ListItem\",\"position\":1,\"name\":\"Accueil\",\"item\":\"https:\/\/etival.fr\/\"},{\"@type\":\"ListItem\",\"position\":2,\"name\":\"M\u00e9diath\u00e8que\"}]},{\"@type\":\"WebSite\",\"@id\":\"https:\/\/etival.fr\/#website\",\"url\":\"https:\/\/etival.fr\/\",\"name\":\"Etival-Clairefontaine\",\"description\":\"Informations et actualit\u00e9s de la commune\",\"potentialAction\":[{\"@type\":\"SearchAction\",\"target\":{\"@type\":\"EntryPoint\",\"urlTemplate\":\"https:\/\/etival.fr\/?s={search_term_string}\"},\"query-input\":{\"@type\":\"PropertyValueSpecification\",\"valueRequired\":true,\"valueName\":\"search_term_string\"}}],\"inLanguage\":\"fr-FR\"}]}<\/script>\n<!-- \/ Yoast SEO plugin. -->","yoast_head_json":{"title":"M\u00e9diath\u00e8que - Etival-Clairefontaine","robots":{"index":"index","follow":"follow","max-snippet":"max-snippet:-1","max-image-preview":"max-image-preview:large","max-video-preview":"max-video-preview:-1"},"canonical":"https:\/\/etival.fr\/?page_id=169","og_locale":"fr_FR","og_type":"article","og_title":"M\u00e9diath\u00e8que - Etival-Clairefontaine","og_description":"&nbsp; &nbsp; &nbsp; &nbsp; &nbsp; &nbsp; 12, Cour des Moines 88480 ETIVAL-CLAIREFONTAINE T\u00e9l. : 03.29.41.95.32 Horaires Le mardi de 15h30 \u00e0 18h30 Le mercredi de 10h00 \u00e0 12h00 et de 14h00 \u00e0 18h30 Le vendredi de 15h30 \u00e0 19h00 Le samedi de 10h00 \u00e0 12h00 et de 14h00 \u00e0 17h30 les P\u2019tits lus : 3\u00e8me [&hellip;]","og_url":"https:\/\/etival.fr\/?page_id=169","og_site_name":"Etival-Clairefontaine","article_modified_time":"2019-11-06T07:14:27+00:00","twitter_card":"summary_large_image","schema":{"@context":"https:\/\/schema.org","@graph":[{"@type":"WebPage","@id":"https:\/\/etival.fr\/?page_id=169","url":"https:\/\/etival.fr\/?page_id=169","name":"M\u00e9diath\u00e8que - Etival-Clairefontaine","isPartOf":{"@id":"https:\/\/etival.fr\/#website"},"datePublished":"2014-07-16T12:39:55+00:00","dateModified":"2019-11-06T07:14:27+00:00","breadcrumb":{"@id":"https:\/\/etival.fr\/?page_id=169#breadcrumb"},"inLanguage":"fr-FR","potentialAction":[{"@type":"ReadAction","target":["https:\/\/etival.fr\/?page_id=169"]}]},{"@type":"BreadcrumbList","@id":"https:\/\/etival.fr\/?page_id=169#breadcrumb","itemListElement":[{"@type":"ListItem","position":1,"name":"Accueil","item":"https:\/\/etival.fr\/"},{"@type":"ListItem","position":2,"name":"M\u00e9diath\u00e8que"}]},{"@type":"WebSite","@id":"https:\/\/etival.fr\/#website","url":"https:\/\/etival.fr\/","name":"Etival-Clairefontaine","description":"Informations et actualit\u00e9s de la commune","potentialAction":[{"@type":"SearchAction","target":{"@type":"EntryPoint","urlTemplate":"https:\/\/etival.fr\/?s={search_term_string}"},"query-input":{"@type":"PropertyValueSpecification","valueRequired":true,"valueName":"search_term_string"}}],"inLanguage":"fr-FR"}]}},"_links":{"self":[{"href":"https:\/\/etival.fr\/index.php?rest_route=\/wp\/v2\/pages\/169","targetHints":{"allow":["GET"]}}],"collection":[{"href":"https:\/\/etival.fr\/index.php?rest_route=\/wp\/v2\/pages"}],"about":[{"href":"https:\/\/etival.fr\/index.php?rest_route=\/wp\/v2\/types\/page"}],"author":[{"embeddable":true,"href":"https:\/\/etival.fr\/index.php?rest_route=\/wp\/v2\/users\/2"}],"replies":[{"embeddable":true,"href":"https:\/\/etival.fr\/index.php?rest_route=%2Fwp%2Fv2%2Fcomments&post=169"}],"version-history":[{"count":31,"href":"https:\/\/etival.fr\/index.php?rest_route=\/wp\/v2\/pages\/169\/revisions"}],"predecessor-version":[{"id":7950,"href":"https:\/\/etival.fr\/index.php?rest_route=\/wp\/v2\/pages\/169\/revisions\/7950"}],"wp:attachment":[{"href":"https:\/\/etival.fr\/index.php?rest_route=%2Fwp%2Fv2%2Fmedia&parent=169"}],"curies":[{"name":"wp","href":"https:\/\/api.w.org\/{rel}","templated":true}]}}

Médiathèque

<p>&nbsp;</p>
<p><a href="/wp-content/uploads/2014/09/media3.jpg"><img loading="lazy" decoding="async" class="alignleft size-thumbnail wp-image-458" src="/wp-content/uploads/2014/09/media3-150x150.jpg" alt="media3" width="150" height="150" /><img loading="lazy" decoding="async" class="wp-image-4790 alignleft" src="http://etival.fr/wp-content/uploads/2017/03/téléchargement.jpg" alt="" width="121" height="222" /><br />
</a></p>
<p>&nbsp;</p>
<p>&nbsp;</p>
<p>&nbsp;</p>
<p>&nbsp;</p>
<p>&nbsp;</p>
<p>12, Cour des Moines<br />
88480 ETIVAL-CLAIREFONTAINE<br />
Tél. : 03.29.41.95.32</p>
<h3>Horaires</h3>
<ul>
<li>Le mardi de 15h30 à 18h30</li>
<li>Le mercredi de 10h00 à 12h00 et de 14h00 à 18h30</li>
<li>Le vendredi de 15h30 à 19h00</li>
<li>Le samedi de 10h00 à 12h00 et de 14h00 à 17h30</li>
</ul>
<ul>
<li>les<strong> P’tits lus</strong> : 3<sup>ème</sup> mercredi du mois à 9h30</li>
<li>la <strong>Malle aux histoires</strong> le 1<sup>er</sup> samedi du mois à 15h00</li>
<li>chaque 3<sup>ème</sup> samedi du mois à 15h00 : <strong>En avant la musique</strong></li>
<li><strong>Tricote papote :</strong> chaque 2<sup>ème</sup> samedi du mois de 14h00 à 17h30</li>
</ul>
<p>Pour tout renseignement : <a href="mailto:med.etival@ca-saintdie.fr">med.etival@ca-saintdie.fr</a></p>
<p><img loading="lazy" decoding="async" class="alignnone size-full wp-image-6535" src="http://etival.fr/wp-content/uploads/2018/07/Tarifs-et-coordonnées-médiathèques-Interco-1.jpg" alt="" width="1000" height="750" srcset="https://etival.fr/wp-content/uploads/2018/07/Tarifs-et-coordonnées-médiathèques-Interco-1.jpg 1000w, https://etival.fr/wp-content/uploads/2018/07/Tarifs-et-coordonnées-médiathèques-Interco-1-300x225.jpg 300w, https://etival.fr/wp-content/uploads/2018/07/Tarifs-et-coordonnées-médiathèques-Interco-1-768x576.jpg 768w, https://etival.fr/wp-content/uploads/2018/07/Tarifs-et-coordonnées-médiathèques-Interco-1-624x468.jpg 624w" sizes="auto, (max-width: 1000px) 100vw, 1000px" /></p>
<p><img loading="lazy" decoding="async" class="alignnone size-full wp-image-6536" src="http://etival.fr/wp-content/uploads/2018/07/Tarifs-et-coordonnées-médiathèques-Interco-2.jpg" alt="" width="1000" height="750" srcset="https://etival.fr/wp-content/uploads/2018/07/Tarifs-et-coordonnées-médiathèques-Interco-2.jpg 1000w, https://etival.fr/wp-content/uploads/2018/07/Tarifs-et-coordonnées-médiathèques-Interco-2-300x225.jpg 300w, https://etival.fr/wp-content/uploads/2018/07/Tarifs-et-coordonnées-médiathèques-Interco-2-768x576.jpg 768w, https://etival.fr/wp-content/uploads/2018/07/Tarifs-et-coordonnées-médiathèques-Interco-2-624x468.jpg 624w" sizes="auto, (max-width: 1000px) 100vw, 1000px" /></p>

<p>&nbsp; &nbsp; &nbsp; &nbsp; &nbsp; &nbsp; 12, Cour des Moines 88480 ETIVAL-CLAIREFONTAINE Tél. : 03.29.41.95.32 Horaires Le mardi de 15h30 à 18h30 Le mercredi de 10h00 à 12h00 et de 14h00 à 18h30 Le vendredi de 15h30 à 19h00 Le samedi de 10h00 à 12h00 et de 14h00 à 17h30 les P’tits lus : 3ème [&hellip;]</p>

<!-- This site is optimized with the Yoast SEO plugin v26.8 - https://yoast.com/product/yoast-seo-wordpress/ -->
<title>Médiathèque - Etival-Clairefontaine</title>
<meta name="robots" content="index, follow, max-snippet:-1, max-image-preview:large, max-video-preview:-1" />
<link rel="canonical" href="https://etival.fr/?page_id=169" />
<meta property="og:locale" content="fr_FR" />
<meta property="og:type" content="article" />
<meta property="og:title" content="Médiathèque - Etival-Clairefontaine" />
<meta property="og:description" content="&nbsp; &nbsp; &nbsp; &nbsp; &nbsp; &nbsp; 12, Cour des Moines 88480 ETIVAL-CLAIREFONTAINE Tél. : 03.29.41.95.32 Horaires Le mardi de 15h30 à 18h30 Le mercredi de 10h00 à 12h00 et de 14h00 à 18h30 Le vendredi de 15h30 à 19h00 Le samedi de 10h00 à 12h00 et de 14h00 à 17h30 les P’tits lus : 3ème [&hellip;]" />
<meta property="og:url" content="https://etival.fr/?page_id=169" />
<meta property="og:site_name" content="Etival-Clairefontaine" />
<meta property="article:modified_time" content="2019-11-06T07:14:27+00:00" />
<meta name="twitter:card" content="summary_large_image" />
<script type="application/ld+json" class="yoast-schema-graph">{"@context":"https://schema.org","@graph":[{"@type":"WebPage","@id":"https://etival.fr/?page_id=169","url":"https://etival.fr/?page_id=169","name":"Médiathèque - Etival-Clairefontaine","isPartOf":{"@id":"https://etival.fr/#website"},"datePublished":"2014-07-16T12:39:55+00:00","dateModified":"2019-11-06T07:14:27+00:00","breadcrumb":{"@id":"https://etival.fr/?page_id=169#breadcrumb"},"inLanguage":"fr-FR","potentialAction":[{"@type":"ReadAction","target":["https://etival.fr/?page_id=169"]}]},{"@type":"BreadcrumbList","@id":"https://etival.fr/?page_id=169#breadcrumb","itemListElement":[{"@type":"ListItem","position":1,"name":"Accueil","item":"https://etival.fr/"},{"@type":"ListItem","position":2,"name":"Médiathèque"}]},{"@type":"WebSite","@id":"https://etival.fr/#website","url":"https://etival.fr/","name":"Etival-Clairefontaine","description":"Informations et actualités de la commune","potentialAction":[{"@type":"SearchAction","target":{"@type":"EntryPoint","urlTemplate":"https://etival.fr/?s={search_term_string}"},"query-input":{"@type":"PropertyValueSpecification","valueRequired":true,"valueName":"search_term_string"}}],"inLanguage":"fr-FR"}]}</script>
<!-- / Yoast SEO plugin. -->

Médiathèque - Etival-Clairefontaine

&nbsp; &nbsp; &nbsp; &nbsp; &nbsp; &nbsp; 12, Cour des Moines 88480 ETIVAL-CLAIREFONTAINE Tél. : 03.29.41.95.32 Horaires Le mardi de 15h30 à 18h30 Le mercredi de 10h00 à 12h00 et de 14h00 à 18h30 Le vendredi de 15h30 à 19h00 Le samedi de 10h00 à 12h00 et de 14h00 à 17h30 les P’tits lus : 3ème [&hellip;]

Informations et actualités de la commune
