{"id":186,"date":"2014-07-16T14:12:34","date_gmt":"2014-07-16T13:12:34","guid":{"rendered":"http:\/\/etival.fr\/?page_id=186"},"modified":"2025-01-31T07:34:35","modified_gmt":"2025-01-31T06:34:35","slug":"salle-polyvalente","status":"publish","type":"page","link":"https:\/\/etival.fr\/?page_id=186","title":{"rendered":"Salle Polyvalente"},"content":{"rendered":"\n<figure class=\"wp-block-image size-large\"><a href=\"https:\/\/etival.fr\/wp-content\/uploads\/2025\/01\/DJI_0219-scaled.jpg\"><img loading=\"lazy\" decoding=\"async\" width=\"1024\" height=\"576\" src=\"https:\/\/etival.fr\/wp-content\/uploads\/2025\/01\/DJI_0219-1024x576.jpg\" alt=\"\" class=\"wp-image-12540\" srcset=\"https:\/\/etival.fr\/wp-content\/uploads\/2025\/01\/DJI_0219-1024x576.jpg 1024w, https:\/\/etival.fr\/wp-content\/uploads\/2025\/01\/DJI_0219-300x169.jpg 300w, https:\/\/etival.fr\/wp-content\/uploads\/2025\/01\/DJI_0219-768x432.jpg 768w, https:\/\/etival.fr\/wp-content\/uploads\/2025\/01\/DJI_0219-1536x864.jpg 1536w, https:\/\/etival.fr\/wp-content\/uploads\/2025\/01\/DJI_0219-2048x1152.jpg 2048w, https:\/\/etival.fr\/wp-content\/uploads\/2025\/01\/DJI_0219-624x351.jpg 624w\" sizes=\"auto, (max-width: 1024px) 100vw, 1024px\" \/><\/a><\/figure>\n\n\n\n<p>Rue du Jard (Champ de Foire)<br>88480 Etival-Clairefontaine<br>T\u00e9. : 03.29.41.92.08<\/p>\n\n\n\n<p>La Salle Polyvalente est une structure \u00e0 gestion communale. Elle est destin\u00e9e,&nbsp; \u00e0 recevoir des manifestations associatives (repas, salons, spectacles, animations, jeux), professionnelles (colloques, r\u00e9unions).<br>Capacit\u00e9 de 400 personnes en mode repas et 500 personnes en mode conf\u00e9rence.<\/p>\n\n\n\n<p><strong>TARIFS 2025<\/strong><\/p>\n\n\n\n<figure class=\"wp-block-image size-large\"><a href=\"https:\/\/etival.fr\/wp-content\/uploads\/2025\/01\/POL.jpg\"><img loading=\"lazy\" decoding=\"async\" width=\"1024\" height=\"565\" src=\"https:\/\/etival.fr\/wp-content\/uploads\/2025\/01\/POL-1024x565.jpg\" alt=\"\" class=\"wp-image-12554\" srcset=\"https:\/\/etival.fr\/wp-content\/uploads\/2025\/01\/POL-1024x565.jpg 1024w, https:\/\/etival.fr\/wp-content\/uploads\/2025\/01\/POL-300x165.jpg 300w, https:\/\/etival.fr\/wp-content\/uploads\/2025\/01\/POL-768x424.jpg 768w, https:\/\/etival.fr\/wp-content\/uploads\/2025\/01\/POL-1536x847.jpg 1536w, https:\/\/etival.fr\/wp-content\/uploads\/2025\/01\/POL-624x344.jpg 624w, https:\/\/etival.fr\/wp-content\/uploads\/2025\/01\/POL.jpg 1563w\" sizes=\"auto, (max-width: 1024px) 100vw, 1024px\" \/><\/a><\/figure>\n\n\n\n<figure class=\"wp-block-image size-large\"><a href=\"https:\/\/etival.fr\/wp-content\/uploads\/2025\/01\/SUITE-POL.jpg\"><img loading=\"lazy\" decoding=\"async\" width=\"1024\" height=\"50\" src=\"https:\/\/etival.fr\/wp-content\/uploads\/2025\/01\/SUITE-POL-1024x50.jpg\" alt=\"\" class=\"wp-image-12555\" srcset=\"https:\/\/etival.fr\/wp-content\/uploads\/2025\/01\/SUITE-POL-1024x50.jpg 1024w, https:\/\/etival.fr\/wp-content\/uploads\/2025\/01\/SUITE-POL-300x15.jpg 300w, https:\/\/etival.fr\/wp-content\/uploads\/2025\/01\/SUITE-POL-768x37.jpg 768w, https:\/\/etival.fr\/wp-content\/uploads\/2025\/01\/SUITE-POL-1536x74.jpg 1536w, https:\/\/etival.fr\/wp-content\/uploads\/2025\/01\/SUITE-POL-624x30.jpg 624w, https:\/\/etival.fr\/wp-content\/uploads\/2025\/01\/SUITE-POL.jpg 1591w\" sizes=\"auto, (max-width: 1024px) 100vw, 1024px\" \/><\/a><\/figure>\n\n\n\n<p>&nbsp;<\/p>\n","protected":false},"excerpt":{"rendered":"<p>Rue du Jard (Champ de Foire)88480 Etival-ClairefontaineT\u00e9. : 03.29.41.92.08 La Salle Polyvalente est une structure \u00e0 gestion communale. Elle est destin\u00e9e,&nbsp; \u00e0 recevoir des manifestations associatives (repas, salons, spectacles, animations, jeux), professionnelles (colloques, r\u00e9unions).Capacit\u00e9 de 400 personnes en mode repas et 500 personnes en mode conf\u00e9rence. TARIFS 2025 &nbsp;<\/p>\n","protected":false},"author":2,"featured_media":0,"parent":115,"menu_order":0,"comment_status":"closed","ping_status":"open","template":"","meta":{"footnotes":""},"class_list":["post-186","page","type-page","status-publish","hentry"],"yoast_head":"<!-- This site is optimized with the Yoast SEO plugin v26.8 - https:\/\/yoast.com\/product\/yoast-seo-wordpress\/ -->\n<title>Salle Polyvalente - Etival-Clairefontaine<\/title>\n<meta name=\"robots\" content=\"index, follow, max-snippet:-1, max-image-preview:large, max-video-preview:-1\" \/>\n<link rel=\"canonical\" href=\"https:\/\/etival.fr\/?page_id=186\" \/>\n<meta property=\"og:locale\" content=\"fr_FR\" \/>\n<meta property=\"og:type\" content=\"article\" \/>\n<meta property=\"og:title\" content=\"Salle Polyvalente - Etival-Clairefontaine\" \/>\n<meta property=\"og:description\" content=\"Rue du Jard (Champ de Foire)88480 Etival-ClairefontaineT\u00e9. : 03.29.41.92.08 La Salle Polyvalente est une structure \u00e0 gestion communale. Elle est destin\u00e9e,&nbsp; \u00e0 recevoir des manifestations associatives (repas, salons, spectacles, animations, jeux), professionnelles (colloques, r\u00e9unions).Capacit\u00e9 de 400 personnes en mode repas et 500 personnes en mode conf\u00e9rence. TARIFS 2025 &nbsp;\" \/>\n<meta property=\"og:url\" content=\"https:\/\/etival.fr\/?page_id=186\" \/>\n<meta property=\"og:site_name\" content=\"Etival-Clairefontaine\" \/>\n<meta property=\"article:modified_time\" content=\"2025-01-31T06:34:35+00:00\" \/>\n<meta property=\"og:image\" content=\"https:\/\/etival.fr\/wp-content\/uploads\/2025\/01\/DJI_0219-scaled.jpg\" \/>\n\t<meta property=\"og:image:width\" content=\"2560\" \/>\n\t<meta property=\"og:image:height\" content=\"1440\" \/>\n\t<meta property=\"og:image:type\" content=\"image\/jpeg\" \/>\n<meta name=\"twitter:card\" content=\"summary_large_image\" \/>\n<meta name=\"twitter:label1\" content=\"Dur\u00e9e de lecture estim\u00e9e\" \/>\n\t<meta name=\"twitter:data1\" content=\"1 minute\" \/>\n<script type=\"application\/ld+json\" class=\"yoast-schema-graph\">{\"@context\":\"https:\/\/schema.org\",\"@graph\":[{\"@type\":\"WebPage\",\"@id\":\"https:\/\/etival.fr\/?page_id=186\",\"url\":\"https:\/\/etival.fr\/?page_id=186\",\"name\":\"Salle Polyvalente - Etival-Clairefontaine\",\"isPartOf\":{\"@id\":\"https:\/\/etival.fr\/#website\"},\"primaryImageOfPage\":{\"@id\":\"https:\/\/etival.fr\/?page_id=186#primaryimage\"},\"image\":{\"@id\":\"https:\/\/etival.fr\/?page_id=186#primaryimage\"},\"thumbnailUrl\":\"https:\/\/etival.fr\/wp-content\/uploads\/2025\/01\/DJI_0219-1024x576.jpg\",\"datePublished\":\"2014-07-16T13:12:34+00:00\",\"dateModified\":\"2025-01-31T06:34:35+00:00\",\"breadcrumb\":{\"@id\":\"https:\/\/etival.fr\/?page_id=186#breadcrumb\"},\"inLanguage\":\"fr-FR\",\"potentialAction\":[{\"@type\":\"ReadAction\",\"target\":[\"https:\/\/etival.fr\/?page_id=186\"]}]},{\"@type\":\"ImageObject\",\"inLanguage\":\"fr-FR\",\"@id\":\"https:\/\/etival.fr\/?page_id=186#primaryimage\",\"url\":\"https:\/\/etival.fr\/wp-content\/uploads\/2025\/01\/DJI_0219-scaled.jpg\",\"contentUrl\":\"https:\/\/etival.fr\/wp-content\/uploads\/2025\/01\/DJI_0219-scaled.jpg\",\"width\":2560,\"height\":1440,\"caption\":\"DCIM\\\\100MEDIA\\\\DJI_0219.JPG\"},{\"@type\":\"BreadcrumbList\",\"@id\":\"https:\/\/etival.fr\/?page_id=186#breadcrumb\",\"itemListElement\":[{\"@type\":\"ListItem\",\"position\":1,\"name\":\"Accueil\",\"item\":\"https:\/\/etival.fr\/\"},{\"@type\":\"ListItem\",\"position\":2,\"name\":\"Infos pratiques\",\"item\":\"https:\/\/etival.fr\/?page_id=50\"},{\"@type\":\"ListItem\",\"position\":3,\"name\":\"Location de salles\",\"item\":\"https:\/\/etival.fr\/?page_id=115\"},{\"@type\":\"ListItem\",\"position\":4,\"name\":\"Salle Polyvalente\"}]},{\"@type\":\"WebSite\",\"@id\":\"https:\/\/etival.fr\/#website\",\"url\":\"https:\/\/etival.fr\/\",\"name\":\"Etival-Clairefontaine\",\"description\":\"Informations et actualit\u00e9s de la commune\",\"potentialAction\":[{\"@type\":\"SearchAction\",\"target\":{\"@type\":\"EntryPoint\",\"urlTemplate\":\"https:\/\/etival.fr\/?s={search_term_string}\"},\"query-input\":{\"@type\":\"PropertyValueSpecification\",\"valueRequired\":true,\"valueName\":\"search_term_string\"}}],\"inLanguage\":\"fr-FR\"}]}<\/script>\n<!-- \/ Yoast SEO plugin. -->","yoast_head_json":{"title":"Salle Polyvalente - Etival-Clairefontaine","robots":{"index":"index","follow":"follow","max-snippet":"max-snippet:-1","max-image-preview":"max-image-preview:large","max-video-preview":"max-video-preview:-1"},"canonical":"https:\/\/etival.fr\/?page_id=186","og_locale":"fr_FR","og_type":"article","og_title":"Salle Polyvalente - Etival-Clairefontaine","og_description":"Rue du Jard (Champ de Foire)88480 Etival-ClairefontaineT\u00e9. : 03.29.41.92.08 La Salle Polyvalente est une structure \u00e0 gestion communale. Elle est destin\u00e9e,&nbsp; \u00e0 recevoir des manifestations associatives (repas, salons, spectacles, animations, jeux), professionnelles (colloques, r\u00e9unions).Capacit\u00e9 de 400 personnes en mode repas et 500 personnes en mode conf\u00e9rence. TARIFS 2025 &nbsp;","og_url":"https:\/\/etival.fr\/?page_id=186","og_site_name":"Etival-Clairefontaine","article_modified_time":"2025-01-31T06:34:35+00:00","og_image":[{"width":2560,"height":1440,"url":"https:\/\/etival.fr\/wp-content\/uploads\/2025\/01\/DJI_0219-scaled.jpg","type":"image\/jpeg"}],"twitter_card":"summary_large_image","twitter_misc":{"Dur\u00e9e de lecture estim\u00e9e":"1 minute"},"schema":{"@context":"https:\/\/schema.org","@graph":[{"@type":"WebPage","@id":"https:\/\/etival.fr\/?page_id=186","url":"https:\/\/etival.fr\/?page_id=186","name":"Salle Polyvalente - Etival-Clairefontaine","isPartOf":{"@id":"https:\/\/etival.fr\/#website"},"primaryImageOfPage":{"@id":"https:\/\/etival.fr\/?page_id=186#primaryimage"},"image":{"@id":"https:\/\/etival.fr\/?page_id=186#primaryimage"},"thumbnailUrl":"https:\/\/etival.fr\/wp-content\/uploads\/2025\/01\/DJI_0219-1024x576.jpg","datePublished":"2014-07-16T13:12:34+00:00","dateModified":"2025-01-31T06:34:35+00:00","breadcrumb":{"@id":"https:\/\/etival.fr\/?page_id=186#breadcrumb"},"inLanguage":"fr-FR","potentialAction":[{"@type":"ReadAction","target":["https:\/\/etival.fr\/?page_id=186"]}]},{"@type":"ImageObject","inLanguage":"fr-FR","@id":"https:\/\/etival.fr\/?page_id=186#primaryimage","url":"https:\/\/etival.fr\/wp-content\/uploads\/2025\/01\/DJI_0219-scaled.jpg","contentUrl":"https:\/\/etival.fr\/wp-content\/uploads\/2025\/01\/DJI_0219-scaled.jpg","width":2560,"height":1440,"caption":"DCIM\\100MEDIA\\DJI_0219.JPG"},{"@type":"BreadcrumbList","@id":"https:\/\/etival.fr\/?page_id=186#breadcrumb","itemListElement":[{"@type":"ListItem","position":1,"name":"Accueil","item":"https:\/\/etival.fr\/"},{"@type":"ListItem","position":2,"name":"Infos pratiques","item":"https:\/\/etival.fr\/?page_id=50"},{"@type":"ListItem","position":3,"name":"Location de salles","item":"https:\/\/etival.fr\/?page_id=115"},{"@type":"ListItem","position":4,"name":"Salle Polyvalente"}]},{"@type":"WebSite","@id":"https:\/\/etival.fr\/#website","url":"https:\/\/etival.fr\/","name":"Etival-Clairefontaine","description":"Informations et actualit\u00e9s de la commune","potentialAction":[{"@type":"SearchAction","target":{"@type":"EntryPoint","urlTemplate":"https:\/\/etival.fr\/?s={search_term_string}"},"query-input":{"@type":"PropertyValueSpecification","valueRequired":true,"valueName":"search_term_string"}}],"inLanguage":"fr-FR"}]}},"_links":{"self":[{"href":"https:\/\/etival.fr\/index.php?rest_route=\/wp\/v2\/pages\/186","targetHints":{"allow":["GET"]}}],"collection":[{"href":"https:\/\/etival.fr\/index.php?rest_route=\/wp\/v2\/pages"}],"about":[{"href":"https:\/\/etival.fr\/index.php?rest_route=\/wp\/v2\/types\/page"}],"author":[{"embeddable":true,"href":"https:\/\/etival.fr\/index.php?rest_route=\/wp\/v2\/users\/2"}],"replies":[{"embeddable":true,"href":"https:\/\/etival.fr\/index.php?rest_route=%2Fwp%2Fv2%2Fcomments&post=186"}],"version-history":[{"count":16,"href":"https:\/\/etival.fr\/index.php?rest_route=\/wp\/v2\/pages\/186\/revisions"}],"predecessor-version":[{"id":12557,"href":"https:\/\/etival.fr\/index.php?rest_route=\/wp\/v2\/pages\/186\/revisions\/12557"}],"up":[{"embeddable":true,"href":"https:\/\/etival.fr\/index.php?rest_route=\/wp\/v2\/pages\/115"}],"wp:attachment":[{"href":"https:\/\/etival.fr\/index.php?rest_route=%2Fwp%2Fv2%2Fmedia&parent=186"}],"curies":[{"name":"wp","href":"https:\/\/api.w.org\/{rel}","templated":true}]}}

<figure class="wp-block-image size-large"><a href="https://etival.fr/wp-content/uploads/2025/01/DJI_0219-scaled.jpg"><img loading="lazy" decoding="async" width="1024" height="576" src="https://etival.fr/wp-content/uploads/2025/01/DJI_0219-1024x576.jpg" alt="" class="wp-image-12540" srcset="https://etival.fr/wp-content/uploads/2025/01/DJI_0219-1024x576.jpg 1024w, https://etival.fr/wp-content/uploads/2025/01/DJI_0219-300x169.jpg 300w, https://etival.fr/wp-content/uploads/2025/01/DJI_0219-768x432.jpg 768w, https://etival.fr/wp-content/uploads/2025/01/DJI_0219-1536x864.jpg 1536w, https://etival.fr/wp-content/uploads/2025/01/DJI_0219-2048x1152.jpg 2048w, https://etival.fr/wp-content/uploads/2025/01/DJI_0219-624x351.jpg 624w" sizes="auto, (max-width: 1024px) 100vw, 1024px" /></a></figure>



<p>Rue du Jard (Champ de Foire)<br>88480 Etival-Clairefontaine<br>Té. : 03.29.41.92.08</p>



<p>La Salle Polyvalente est une structure à gestion communale. Elle est destinée,&nbsp; à recevoir des manifestations associatives (repas, salons, spectacles, animations, jeux), professionnelles (colloques, réunions).<br>Capacité de 400 personnes en mode repas et 500 personnes en mode conférence.</p>



<p><strong>TARIFS 2025</strong></p>



<figure class="wp-block-image size-large"><a href="https://etival.fr/wp-content/uploads/2025/01/POL.jpg"><img loading="lazy" decoding="async" width="1024" height="565" src="https://etival.fr/wp-content/uploads/2025/01/POL-1024x565.jpg" alt="" class="wp-image-12554" srcset="https://etival.fr/wp-content/uploads/2025/01/POL-1024x565.jpg 1024w, https://etival.fr/wp-content/uploads/2025/01/POL-300x165.jpg 300w, https://etival.fr/wp-content/uploads/2025/01/POL-768x424.jpg 768w, https://etival.fr/wp-content/uploads/2025/01/POL-1536x847.jpg 1536w, https://etival.fr/wp-content/uploads/2025/01/POL-624x344.jpg 624w, https://etival.fr/wp-content/uploads/2025/01/POL.jpg 1563w" sizes="auto, (max-width: 1024px) 100vw, 1024px" /></a></figure>



<figure class="wp-block-image size-large"><a href="https://etival.fr/wp-content/uploads/2025/01/SUITE-POL.jpg"><img loading="lazy" decoding="async" width="1024" height="50" src="https://etival.fr/wp-content/uploads/2025/01/SUITE-POL-1024x50.jpg" alt="" class="wp-image-12555" srcset="https://etival.fr/wp-content/uploads/2025/01/SUITE-POL-1024x50.jpg 1024w, https://etival.fr/wp-content/uploads/2025/01/SUITE-POL-300x15.jpg 300w, https://etival.fr/wp-content/uploads/2025/01/SUITE-POL-768x37.jpg 768w, https://etival.fr/wp-content/uploads/2025/01/SUITE-POL-1536x74.jpg 1536w, https://etival.fr/wp-content/uploads/2025/01/SUITE-POL-624x30.jpg 624w, https://etival.fr/wp-content/uploads/2025/01/SUITE-POL.jpg 1591w" sizes="auto, (max-width: 1024px) 100vw, 1024px" /></a></figure>



<p>&nbsp;</p>

<p>Rue du Jard (Champ de Foire)88480 Etival-ClairefontaineTé. : 03.29.41.92.08 La Salle Polyvalente est une structure à gestion communale. Elle est destinée,&nbsp; à recevoir des manifestations associatives (repas, salons, spectacles, animations, jeux), professionnelles (colloques, réunions).Capacité de 400 personnes en mode repas et 500 personnes en mode conférence. TARIFS 2025 &nbsp;</p>

<!-- This site is optimized with the Yoast SEO plugin v26.8 - https://yoast.com/product/yoast-seo-wordpress/ -->
<title>Salle Polyvalente - Etival-Clairefontaine</title>
<meta name="robots" content="index, follow, max-snippet:-1, max-image-preview:large, max-video-preview:-1" />
<link rel="canonical" href="https://etival.fr/?page_id=186" />
<meta property="og:locale" content="fr_FR" />
<meta property="og:type" content="article" />
<meta property="og:title" content="Salle Polyvalente - Etival-Clairefontaine" />
<meta property="og:description" content="Rue du Jard (Champ de Foire)88480 Etival-ClairefontaineTé. : 03.29.41.92.08 La Salle Polyvalente est une structure à gestion communale. Elle est destinée,&nbsp; à recevoir des manifestations associatives (repas, salons, spectacles, animations, jeux), professionnelles (colloques, réunions).Capacité de 400 personnes en mode repas et 500 personnes en mode conférence. TARIFS 2025 &nbsp;" />
<meta property="og:url" content="https://etival.fr/?page_id=186" />
<meta property="og:site_name" content="Etival-Clairefontaine" />
<meta property="article:modified_time" content="2025-01-31T06:34:35+00:00" />
<meta property="og:image" content="https://etival.fr/wp-content/uploads/2025/01/DJI_0219-scaled.jpg" />
	<meta property="og:image:width" content="2560" />
	<meta property="og:image:height" content="1440" />
	<meta property="og:image:type" content="image/jpeg" />
<meta name="twitter:card" content="summary_large_image" />
<meta name="twitter:label1" content="Durée de lecture estimée" />
	<meta name="twitter:data1" content="1 minute" />
<script type="application/ld+json" class="yoast-schema-graph">{"@context":"https://schema.org","@graph":[{"@type":"WebPage","@id":"https://etival.fr/?page_id=186","url":"https://etival.fr/?page_id=186","name":"Salle Polyvalente - Etival-Clairefontaine","isPartOf":{"@id":"https://etival.fr/#website"},"primaryImageOfPage":{"@id":"https://etival.fr/?page_id=186#primaryimage"},"image":{"@id":"https://etival.fr/?page_id=186#primaryimage"},"thumbnailUrl":"https://etival.fr/wp-content/uploads/2025/01/DJI_0219-1024x576.jpg","datePublished":"2014-07-16T13:12:34+00:00","dateModified":"2025-01-31T06:34:35+00:00","breadcrumb":{"@id":"https://etival.fr/?page_id=186#breadcrumb"},"inLanguage":"fr-FR","potentialAction":[{"@type":"ReadAction","target":["https://etival.fr/?page_id=186"]}]},{"@type":"ImageObject","inLanguage":"fr-FR","@id":"https://etival.fr/?page_id=186#primaryimage","url":"https://etival.fr/wp-content/uploads/2025/01/DJI_0219-scaled.jpg","contentUrl":"https://etival.fr/wp-content/uploads/2025/01/DJI_0219-scaled.jpg","width":2560,"height":1440,"caption":"DCIM\\100MEDIA\\DJI_0219.JPG"},{"@type":"BreadcrumbList","@id":"https://etival.fr/?page_id=186#breadcrumb","itemListElement":[{"@type":"ListItem","position":1,"name":"Accueil","item":"https://etival.fr/"},{"@type":"ListItem","position":2,"name":"Infos pratiques","item":"https://etival.fr/?page_id=50"},{"@type":"ListItem","position":3,"name":"Location de salles","item":"https://etival.fr/?page_id=115"},{"@type":"ListItem","position":4,"name":"Salle Polyvalente"}]},{"@type":"WebSite","@id":"https://etival.fr/#website","url":"https://etival.fr/","name":"Etival-Clairefontaine","description":"Informations et actualités de la commune","potentialAction":[{"@type":"SearchAction","target":{"@type":"EntryPoint","urlTemplate":"https://etival.fr/?s={search_term_string}"},"query-input":{"@type":"PropertyValueSpecification","valueRequired":true,"valueName":"search_term_string"}}],"inLanguage":"fr-FR"}]}</script>
<!-- / Yoast SEO plugin. -->

Rue du Jard (Champ de Foire)88480 Etival-ClairefontaineTé. : 03.29.41.92.08 La Salle Polyvalente est une structure à gestion communale. Elle est destinée,&nbsp; à recevoir des manifestations associatives (repas, salons, spectacles, animations, jeux), professionnelles (colloques, réunions).Capacité de 400 personnes en mode repas et 500 personnes en mode conférence. TARIFS 2025 &nbsp;

Informations et actualités de la commune
