{"id":2446,"date":"2015-06-29T07:44:31","date_gmt":"2015-06-29T06:44:31","guid":{"rendered":"http:\/\/etival.fr\/?page_id=2446"},"modified":"2023-07-04T09:24:48","modified_gmt":"2023-07-04T08:24:48","slug":"groupement-dachats","status":"publish","type":"page","link":"https:\/\/etival.fr\/?page_id=2446","title":{"rendered":"Groupement d&rsquo;achats"},"content":{"rendered":"<p><span style=\"font-size: medium;\">Le C.C.A.S s\u2019est engag\u00e9 \u00e0 r\u00e9aliser des actions de groupements d\u2019achats afin de vous faire b\u00e9n\u00e9ficier d\u2019\u00e9conomies. La mutualisation d\u2019achat de fioul et pellets ont \u00e9t\u00e9 un r\u00e9el succ\u00e8s<\/span><span style=\"font-size: medium;\">. Le bilan est un peu moins positif pour le bois.\u00a0<\/span><span style=\"font-size: xx-small;\"><br \/>\n<\/span><span style=\"font-size: medium;\">Suite \u00e0 de nombreuses demandes d\u2019achats de fioul, nous lan\u00e7ons \u00e0 nouveau ce dispositif. <\/span><\/p>\n<h4><span style=\"font-size: medium;\"> Si vous \u00eates int\u00e9ress\u00e9s, merci de faire conna\u00eetre vos besoins par le biais de la demande d\u2019achat disponible :<br \/>\n<\/span><span style=\"font-size: medium;\">&#8211; <\/span>\u00e0 l\u2019accueil de la mairie,<br \/>\n&#8211; sur le site internet d\u2019Etival-Clairefontaine : rubrique \u00ab\u00a0Votre Mairie\u00a0\u00bb puis groupements d\u2019achats.<\/h4>\n<p>Et de nous la transmettre soit :<br \/>\n&#8211; en Mairie par t\u00e9l\u00e9phone,<br \/>\n&#8211; en la glissant dans la bo\u00eete aux lettres de la Mairie,<\/p>\n<p><span style=\"font-size: medium;\">&#8211; par courriel : <\/span><b><span style=\"color: #1765ad; font-size: medium;\"><span style=\"color: #1765ad; font-size: medium;\">communication@etival.fr<\/span><\/span><\/b><span style=\"font-size: medium;\"> et en pr\u00e9cisant en objet : GROUPEMENT FIOUL<br \/>\nRenseignements au 03.29.41.29.57 &#8211; Mme Catherine GEORGEL<\/span><\/p>\n","protected":false},"excerpt":{"rendered":"<p>Le C.C.A.S s\u2019est engag\u00e9 \u00e0 r\u00e9aliser des actions de groupements d\u2019achats afin de vous faire b\u00e9n\u00e9ficier d\u2019\u00e9conomies. La mutualisation d\u2019achat de fioul et pellets ont \u00e9t\u00e9 un r\u00e9el succ\u00e8s. Le bilan est un peu moins positif pour le bois.\u00a0 Suite \u00e0 de nombreuses demandes d\u2019achats de fioul, nous lan\u00e7ons \u00e0 nouveau ce dispositif. Si vous [&hellip;]<\/p>\n","protected":false},"author":2,"featured_media":0,"parent":0,"menu_order":0,"comment_status":"closed","ping_status":"open","template":"","meta":{"footnotes":""},"class_list":["post-2446","page","type-page","status-publish","hentry"],"yoast_head":"<!-- This site is optimized with the Yoast SEO plugin v26.8 - https:\/\/yoast.com\/product\/yoast-seo-wordpress\/ -->\n<title>Groupement d&#039;achats - Etival-Clairefontaine<\/title>\n<meta name=\"robots\" content=\"index, follow, max-snippet:-1, max-image-preview:large, max-video-preview:-1\" \/>\n<link rel=\"canonical\" href=\"https:\/\/etival.fr\/?page_id=2446\" \/>\n<meta property=\"og:locale\" content=\"fr_FR\" \/>\n<meta property=\"og:type\" content=\"article\" \/>\n<meta property=\"og:title\" content=\"Groupement d&#039;achats - Etival-Clairefontaine\" \/>\n<meta property=\"og:description\" content=\"Le C.C.A.S s\u2019est engag\u00e9 \u00e0 r\u00e9aliser des actions de groupements d\u2019achats afin de vous faire b\u00e9n\u00e9ficier d\u2019\u00e9conomies. La mutualisation d\u2019achat de fioul et pellets ont \u00e9t\u00e9 un r\u00e9el succ\u00e8s. Le bilan est un peu moins positif pour le bois.\u00a0 Suite \u00e0 de nombreuses demandes d\u2019achats de fioul, nous lan\u00e7ons \u00e0 nouveau ce dispositif. Si vous [&hellip;]\" \/>\n<meta property=\"og:url\" content=\"https:\/\/etival.fr\/?page_id=2446\" \/>\n<meta property=\"og:site_name\" content=\"Etival-Clairefontaine\" \/>\n<meta property=\"article:modified_time\" content=\"2023-07-04T08:24:48+00:00\" \/>\n<meta name=\"twitter:card\" content=\"summary_large_image\" \/>\n<meta name=\"twitter:label1\" content=\"Dur\u00e9e de lecture estim\u00e9e\" \/>\n\t<meta name=\"twitter:data1\" content=\"1 minute\" \/>\n<script type=\"application\/ld+json\" class=\"yoast-schema-graph\">{\"@context\":\"https:\/\/schema.org\",\"@graph\":[{\"@type\":\"WebPage\",\"@id\":\"https:\/\/etival.fr\/?page_id=2446\",\"url\":\"https:\/\/etival.fr\/?page_id=2446\",\"name\":\"Groupement d'achats - Etival-Clairefontaine\",\"isPartOf\":{\"@id\":\"https:\/\/etival.fr\/#website\"},\"datePublished\":\"2015-06-29T06:44:31+00:00\",\"dateModified\":\"2023-07-04T08:24:48+00:00\",\"breadcrumb\":{\"@id\":\"https:\/\/etival.fr\/?page_id=2446#breadcrumb\"},\"inLanguage\":\"fr-FR\",\"potentialAction\":[{\"@type\":\"ReadAction\",\"target\":[\"https:\/\/etival.fr\/?page_id=2446\"]}]},{\"@type\":\"BreadcrumbList\",\"@id\":\"https:\/\/etival.fr\/?page_id=2446#breadcrumb\",\"itemListElement\":[{\"@type\":\"ListItem\",\"position\":1,\"name\":\"Accueil\",\"item\":\"https:\/\/etival.fr\/\"},{\"@type\":\"ListItem\",\"position\":2,\"name\":\"Groupement d&rsquo;achats\"}]},{\"@type\":\"WebSite\",\"@id\":\"https:\/\/etival.fr\/#website\",\"url\":\"https:\/\/etival.fr\/\",\"name\":\"Etival-Clairefontaine\",\"description\":\"Informations et actualit\u00e9s de la commune\",\"potentialAction\":[{\"@type\":\"SearchAction\",\"target\":{\"@type\":\"EntryPoint\",\"urlTemplate\":\"https:\/\/etival.fr\/?s={search_term_string}\"},\"query-input\":{\"@type\":\"PropertyValueSpecification\",\"valueRequired\":true,\"valueName\":\"search_term_string\"}}],\"inLanguage\":\"fr-FR\"}]}<\/script>\n<!-- \/ Yoast SEO plugin. -->","yoast_head_json":{"title":"Groupement d'achats - Etival-Clairefontaine","robots":{"index":"index","follow":"follow","max-snippet":"max-snippet:-1","max-image-preview":"max-image-preview:large","max-video-preview":"max-video-preview:-1"},"canonical":"https:\/\/etival.fr\/?page_id=2446","og_locale":"fr_FR","og_type":"article","og_title":"Groupement d'achats - Etival-Clairefontaine","og_description":"Le C.C.A.S s\u2019est engag\u00e9 \u00e0 r\u00e9aliser des actions de groupements d\u2019achats afin de vous faire b\u00e9n\u00e9ficier d\u2019\u00e9conomies. La mutualisation d\u2019achat de fioul et pellets ont \u00e9t\u00e9 un r\u00e9el succ\u00e8s. Le bilan est un peu moins positif pour le bois.\u00a0 Suite \u00e0 de nombreuses demandes d\u2019achats de fioul, nous lan\u00e7ons \u00e0 nouveau ce dispositif. Si vous [&hellip;]","og_url":"https:\/\/etival.fr\/?page_id=2446","og_site_name":"Etival-Clairefontaine","article_modified_time":"2023-07-04T08:24:48+00:00","twitter_card":"summary_large_image","twitter_misc":{"Dur\u00e9e de lecture estim\u00e9e":"1 minute"},"schema":{"@context":"https:\/\/schema.org","@graph":[{"@type":"WebPage","@id":"https:\/\/etival.fr\/?page_id=2446","url":"https:\/\/etival.fr\/?page_id=2446","name":"Groupement d'achats - Etival-Clairefontaine","isPartOf":{"@id":"https:\/\/etival.fr\/#website"},"datePublished":"2015-06-29T06:44:31+00:00","dateModified":"2023-07-04T08:24:48+00:00","breadcrumb":{"@id":"https:\/\/etival.fr\/?page_id=2446#breadcrumb"},"inLanguage":"fr-FR","potentialAction":[{"@type":"ReadAction","target":["https:\/\/etival.fr\/?page_id=2446"]}]},{"@type":"BreadcrumbList","@id":"https:\/\/etival.fr\/?page_id=2446#breadcrumb","itemListElement":[{"@type":"ListItem","position":1,"name":"Accueil","item":"https:\/\/etival.fr\/"},{"@type":"ListItem","position":2,"name":"Groupement d&rsquo;achats"}]},{"@type":"WebSite","@id":"https:\/\/etival.fr\/#website","url":"https:\/\/etival.fr\/","name":"Etival-Clairefontaine","description":"Informations et actualit\u00e9s de la commune","potentialAction":[{"@type":"SearchAction","target":{"@type":"EntryPoint","urlTemplate":"https:\/\/etival.fr\/?s={search_term_string}"},"query-input":{"@type":"PropertyValueSpecification","valueRequired":true,"valueName":"search_term_string"}}],"inLanguage":"fr-FR"}]}},"_links":{"self":[{"href":"https:\/\/etival.fr\/index.php?rest_route=\/wp\/v2\/pages\/2446","targetHints":{"allow":["GET"]}}],"collection":[{"href":"https:\/\/etival.fr\/index.php?rest_route=\/wp\/v2\/pages"}],"about":[{"href":"https:\/\/etival.fr\/index.php?rest_route=\/wp\/v2\/types\/page"}],"author":[{"embeddable":true,"href":"https:\/\/etival.fr\/index.php?rest_route=\/wp\/v2\/users\/2"}],"replies":[{"embeddable":true,"href":"https:\/\/etival.fr\/index.php?rest_route=%2Fwp%2Fv2%2Fcomments&post=2446"}],"version-history":[{"count":14,"href":"https:\/\/etival.fr\/index.php?rest_route=\/wp\/v2\/pages\/2446\/revisions"}],"predecessor-version":[{"id":11319,"href":"https:\/\/etival.fr\/index.php?rest_route=\/wp\/v2\/pages\/2446\/revisions\/11319"}],"wp:attachment":[{"href":"https:\/\/etival.fr\/index.php?rest_route=%2Fwp%2Fv2%2Fmedia&parent=2446"}],"curies":[{"name":"wp","href":"https:\/\/api.w.org\/{rel}","templated":true}]}}