{"id":328,"date":"2014-09-16T14:44:01","date_gmt":"2014-09-16T13:44:01","guid":{"rendered":"http:\/\/etival.fr\/?page_id=328"},"modified":"2025-10-08T07:20:01","modified_gmt":"2025-10-08T06:20:01","slug":"ecole-de-musique-du-pays-des-abbayes","status":"publish","type":"page","link":"https:\/\/etival.fr\/?page_id=328","title":{"rendered":"Ecole de Musique Intercommunale"},"content":{"rendered":"<h3 style=\"text-align: center;\">Apprendre la Musique<br \/>\ndans la<br \/>\n<img loading=\"lazy\" decoding=\"async\" class=\"alignnone size-full wp-image-4790\" src=\"http:\/\/etival.fr\/wp-content\/uploads\/2017\/03\/t\u00e9l\u00e9chargement.jpg\" alt=\"\" width=\"131\" height=\"240\" \/><\/h3>\n<h4><span style=\"color: #008000;\">P\u00d4LE ETIVAL<\/span><br \/>\nT\u00e9l. : 03.29.51.67.88<br \/>\nE.Mail. : empa88480@laposte.net<br \/>\n<span style=\"color: #3366ff;\">P\u00d4LE SENONES<\/span><br \/>\nT\u00e9l. : 03.29.41.81.22<br \/>\nE.Mail. : empa88210@laposte.net<\/h4>\n<p><img loading=\"lazy\" decoding=\"async\" class=\"alignnone size-full wp-image-6748\" src=\"http:\/\/etival.fr\/wp-content\/uploads\/2018\/09\/SKMBT_C364e18092416192_0001.jpg\" alt=\"\" width=\"1000\" height=\"707\" srcset=\"https:\/\/etival.fr\/wp-content\/uploads\/2018\/09\/SKMBT_C364e18092416192_0001.jpg 1000w, https:\/\/etival.fr\/wp-content\/uploads\/2018\/09\/SKMBT_C364e18092416192_0001-300x212.jpg 300w, https:\/\/etival.fr\/wp-content\/uploads\/2018\/09\/SKMBT_C364e18092416192_0001-768x543.jpg 768w, https:\/\/etival.fr\/wp-content\/uploads\/2018\/09\/SKMBT_C364e18092416192_0001-624x441.jpg 624w\" sizes=\"auto, (max-width: 1000px) 100vw, 1000px\" \/><\/p>\n","protected":false},"excerpt":{"rendered":"<p>Apprendre la Musique dans la P\u00d4LE ETIVAL T\u00e9l. : 03.29.51.67.88 E.Mail. : empa88480@laposte.net P\u00d4LE SENONES T\u00e9l. : 03.29.41.81.22 E.Mail. : empa88210@laposte.net<\/p>\n","protected":false},"author":2,"featured_media":0,"parent":0,"menu_order":0,"comment_status":"closed","ping_status":"open","template":"","meta":{"footnotes":""},"class_list":["post-328","page","type-page","status-publish","hentry"],"yoast_head":"<!-- This site is optimized with the Yoast SEO plugin v26.8 - https:\/\/yoast.com\/product\/yoast-seo-wordpress\/ -->\n<title>Ecole de Musique Intercommunale - Etival-Clairefontaine<\/title>\n<meta name=\"robots\" content=\"index, follow, max-snippet:-1, max-image-preview:large, max-video-preview:-1\" \/>\n<link rel=\"canonical\" href=\"https:\/\/etival.fr\/?page_id=328\" \/>\n<meta property=\"og:locale\" content=\"fr_FR\" \/>\n<meta property=\"og:type\" content=\"article\" \/>\n<meta property=\"og:title\" content=\"Ecole de Musique Intercommunale - Etival-Clairefontaine\" \/>\n<meta property=\"og:description\" content=\"Apprendre la Musique dans la P\u00d4LE ETIVAL T\u00e9l. : 03.29.51.67.88 E.Mail. : empa88480@laposte.net P\u00d4LE SENONES T\u00e9l. : 03.29.41.81.22 E.Mail. : empa88210@laposte.net\" \/>\n<meta property=\"og:url\" content=\"https:\/\/etival.fr\/?page_id=328\" \/>\n<meta property=\"og:site_name\" content=\"Etival-Clairefontaine\" \/>\n<meta property=\"article:modified_time\" content=\"2025-10-08T06:20:01+00:00\" \/>\n<meta property=\"og:image\" content=\"http:\/\/etival.fr\/wp-content\/uploads\/2018\/09\/SKMBT_C364e18092416192_0001.jpg\" \/>\n<meta name=\"twitter:card\" content=\"summary_large_image\" \/>\n<meta name=\"twitter:label1\" content=\"Dur\u00e9e de lecture estim\u00e9e\" \/>\n\t<meta name=\"twitter:data1\" content=\"1 minute\" \/>\n<script type=\"application\/ld+json\" class=\"yoast-schema-graph\">{\"@context\":\"https:\/\/schema.org\",\"@graph\":[{\"@type\":\"WebPage\",\"@id\":\"https:\/\/etival.fr\/?page_id=328\",\"url\":\"https:\/\/etival.fr\/?page_id=328\",\"name\":\"Ecole de Musique Intercommunale - Etival-Clairefontaine\",\"isPartOf\":{\"@id\":\"https:\/\/etival.fr\/#website\"},\"primaryImageOfPage\":{\"@id\":\"https:\/\/etival.fr\/?page_id=328#primaryimage\"},\"image\":{\"@id\":\"https:\/\/etival.fr\/?page_id=328#primaryimage\"},\"thumbnailUrl\":\"http:\/\/etival.fr\/wp-content\/uploads\/2018\/09\/SKMBT_C364e18092416192_0001.jpg\",\"datePublished\":\"2014-09-16T13:44:01+00:00\",\"dateModified\":\"2025-10-08T06:20:01+00:00\",\"breadcrumb\":{\"@id\":\"https:\/\/etival.fr\/?page_id=328#breadcrumb\"},\"inLanguage\":\"fr-FR\",\"potentialAction\":[{\"@type\":\"ReadAction\",\"target\":[\"https:\/\/etival.fr\/?page_id=328\"]}]},{\"@type\":\"ImageObject\",\"inLanguage\":\"fr-FR\",\"@id\":\"https:\/\/etival.fr\/?page_id=328#primaryimage\",\"url\":\"https:\/\/etival.fr\/wp-content\/uploads\/2018\/09\/SKMBT_C364e18092416192_0001.jpg\",\"contentUrl\":\"https:\/\/etival.fr\/wp-content\/uploads\/2018\/09\/SKMBT_C364e18092416192_0001.jpg\",\"width\":1000,\"height\":707},{\"@type\":\"BreadcrumbList\",\"@id\":\"https:\/\/etival.fr\/?page_id=328#breadcrumb\",\"itemListElement\":[{\"@type\":\"ListItem\",\"position\":1,\"name\":\"Accueil\",\"item\":\"https:\/\/etival.fr\/\"},{\"@type\":\"ListItem\",\"position\":2,\"name\":\"Ecole de Musique Intercommunale\"}]},{\"@type\":\"WebSite\",\"@id\":\"https:\/\/etival.fr\/#website\",\"url\":\"https:\/\/etival.fr\/\",\"name\":\"Etival-Clairefontaine\",\"description\":\"Informations et actualit\u00e9s de la commune\",\"potentialAction\":[{\"@type\":\"SearchAction\",\"target\":{\"@type\":\"EntryPoint\",\"urlTemplate\":\"https:\/\/etival.fr\/?s={search_term_string}\"},\"query-input\":{\"@type\":\"PropertyValueSpecification\",\"valueRequired\":true,\"valueName\":\"search_term_string\"}}],\"inLanguage\":\"fr-FR\"}]}<\/script>\n<!-- \/ Yoast SEO plugin. -->","yoast_head_json":{"title":"Ecole de Musique Intercommunale - Etival-Clairefontaine","robots":{"index":"index","follow":"follow","max-snippet":"max-snippet:-1","max-image-preview":"max-image-preview:large","max-video-preview":"max-video-preview:-1"},"canonical":"https:\/\/etival.fr\/?page_id=328","og_locale":"fr_FR","og_type":"article","og_title":"Ecole de Musique Intercommunale - Etival-Clairefontaine","og_description":"Apprendre la Musique dans la P\u00d4LE ETIVAL T\u00e9l. : 03.29.51.67.88 E.Mail. : empa88480@laposte.net P\u00d4LE SENONES T\u00e9l. : 03.29.41.81.22 E.Mail. : empa88210@laposte.net","og_url":"https:\/\/etival.fr\/?page_id=328","og_site_name":"Etival-Clairefontaine","article_modified_time":"2025-10-08T06:20:01+00:00","og_image":[{"url":"http:\/\/etival.fr\/wp-content\/uploads\/2018\/09\/SKMBT_C364e18092416192_0001.jpg","type":"","width":"","height":""}],"twitter_card":"summary_large_image","twitter_misc":{"Dur\u00e9e de lecture estim\u00e9e":"1 minute"},"schema":{"@context":"https:\/\/schema.org","@graph":[{"@type":"WebPage","@id":"https:\/\/etival.fr\/?page_id=328","url":"https:\/\/etival.fr\/?page_id=328","name":"Ecole de Musique Intercommunale - Etival-Clairefontaine","isPartOf":{"@id":"https:\/\/etival.fr\/#website"},"primaryImageOfPage":{"@id":"https:\/\/etival.fr\/?page_id=328#primaryimage"},"image":{"@id":"https:\/\/etival.fr\/?page_id=328#primaryimage"},"thumbnailUrl":"http:\/\/etival.fr\/wp-content\/uploads\/2018\/09\/SKMBT_C364e18092416192_0001.jpg","datePublished":"2014-09-16T13:44:01+00:00","dateModified":"2025-10-08T06:20:01+00:00","breadcrumb":{"@id":"https:\/\/etival.fr\/?page_id=328#breadcrumb"},"inLanguage":"fr-FR","potentialAction":[{"@type":"ReadAction","target":["https:\/\/etival.fr\/?page_id=328"]}]},{"@type":"ImageObject","inLanguage":"fr-FR","@id":"https:\/\/etival.fr\/?page_id=328#primaryimage","url":"https:\/\/etival.fr\/wp-content\/uploads\/2018\/09\/SKMBT_C364e18092416192_0001.jpg","contentUrl":"https:\/\/etival.fr\/wp-content\/uploads\/2018\/09\/SKMBT_C364e18092416192_0001.jpg","width":1000,"height":707},{"@type":"BreadcrumbList","@id":"https:\/\/etival.fr\/?page_id=328#breadcrumb","itemListElement":[{"@type":"ListItem","position":1,"name":"Accueil","item":"https:\/\/etival.fr\/"},{"@type":"ListItem","position":2,"name":"Ecole de Musique Intercommunale"}]},{"@type":"WebSite","@id":"https:\/\/etival.fr\/#website","url":"https:\/\/etival.fr\/","name":"Etival-Clairefontaine","description":"Informations et actualit\u00e9s de la commune","potentialAction":[{"@type":"SearchAction","target":{"@type":"EntryPoint","urlTemplate":"https:\/\/etival.fr\/?s={search_term_string}"},"query-input":{"@type":"PropertyValueSpecification","valueRequired":true,"valueName":"search_term_string"}}],"inLanguage":"fr-FR"}]}},"_links":{"self":[{"href":"https:\/\/etival.fr\/index.php?rest_route=\/wp\/v2\/pages\/328","targetHints":{"allow":["GET"]}}],"collection":[{"href":"https:\/\/etival.fr\/index.php?rest_route=\/wp\/v2\/pages"}],"about":[{"href":"https:\/\/etival.fr\/index.php?rest_route=\/wp\/v2\/types\/page"}],"author":[{"embeddable":true,"href":"https:\/\/etival.fr\/index.php?rest_route=\/wp\/v2\/users\/2"}],"replies":[{"embeddable":true,"href":"https:\/\/etival.fr\/index.php?rest_route=%2Fwp%2Fv2%2Fcomments&post=328"}],"version-history":[{"count":15,"href":"https:\/\/etival.fr\/index.php?rest_route=\/wp\/v2\/pages\/328\/revisions"}],"predecessor-version":[{"id":13189,"href":"https:\/\/etival.fr\/index.php?rest_route=\/wp\/v2\/pages\/328\/revisions\/13189"}],"wp:attachment":[{"href":"https:\/\/etival.fr\/index.php?rest_route=%2Fwp%2Fv2%2Fmedia&parent=328"}],"curies":[{"name":"wp","href":"https:\/\/api.w.org\/{rel}","templated":true}]}}

<h3 style="text-align: center;">Apprendre la Musique<br />
dans la<br />
<img loading="lazy" decoding="async" class="alignnone size-full wp-image-4790" src="http://etival.fr/wp-content/uploads/2017/03/téléchargement.jpg" alt="" width="131" height="240" /></h3>
<h4><span style="color: #008000;">PÔLE ETIVAL</span><br />
Tél. : 03.29.51.67.88<br />
E.Mail. : empa88480@laposte.net<br />
<span style="color: #3366ff;">PÔLE SENONES</span><br />
Tél. : 03.29.41.81.22<br />
E.Mail. : empa88210@laposte.net</h4>
<p><img loading="lazy" decoding="async" class="alignnone size-full wp-image-6748" src="http://etival.fr/wp-content/uploads/2018/09/SKMBT_C364e18092416192_0001.jpg" alt="" width="1000" height="707" srcset="https://etival.fr/wp-content/uploads/2018/09/SKMBT_C364e18092416192_0001.jpg 1000w, https://etival.fr/wp-content/uploads/2018/09/SKMBT_C364e18092416192_0001-300x212.jpg 300w, https://etival.fr/wp-content/uploads/2018/09/SKMBT_C364e18092416192_0001-768x543.jpg 768w, https://etival.fr/wp-content/uploads/2018/09/SKMBT_C364e18092416192_0001-624x441.jpg 624w" sizes="auto, (max-width: 1000px) 100vw, 1000px" /></p>

<p>Apprendre la Musique dans la PÔLE ETIVAL Tél. : 03.29.51.67.88 E.Mail. : empa88480@laposte.net PÔLE SENONES Tél. : 03.29.41.81.22 E.Mail. : empa88210@laposte.net</p>

<!-- This site is optimized with the Yoast SEO plugin v26.8 - https://yoast.com/product/yoast-seo-wordpress/ -->
<title>Ecole de Musique Intercommunale - Etival-Clairefontaine</title>
<meta name="robots" content="index, follow, max-snippet:-1, max-image-preview:large, max-video-preview:-1" />
<link rel="canonical" href="https://etival.fr/?page_id=328" />
<meta property="og:locale" content="fr_FR" />
<meta property="og:type" content="article" />
<meta property="og:title" content="Ecole de Musique Intercommunale - Etival-Clairefontaine" />
<meta property="og:description" content="Apprendre la Musique dans la PÔLE ETIVAL Tél. : 03.29.51.67.88 E.Mail. : empa88480@laposte.net PÔLE SENONES Tél. : 03.29.41.81.22 E.Mail. : empa88210@laposte.net" />
<meta property="og:url" content="https://etival.fr/?page_id=328" />
<meta property="og:site_name" content="Etival-Clairefontaine" />
<meta property="article:modified_time" content="2025-10-08T06:20:01+00:00" />
<meta property="og:image" content="http://etival.fr/wp-content/uploads/2018/09/SKMBT_C364e18092416192_0001.jpg" />
<meta name="twitter:card" content="summary_large_image" />
<meta name="twitter:label1" content="Durée de lecture estimée" />
	<meta name="twitter:data1" content="1 minute" />
<script type="application/ld+json" class="yoast-schema-graph">{"@context":"https://schema.org","@graph":[{"@type":"WebPage","@id":"https://etival.fr/?page_id=328","url":"https://etival.fr/?page_id=328","name":"Ecole de Musique Intercommunale - Etival-Clairefontaine","isPartOf":{"@id":"https://etival.fr/#website"},"primaryImageOfPage":{"@id":"https://etival.fr/?page_id=328#primaryimage"},"image":{"@id":"https://etival.fr/?page_id=328#primaryimage"},"thumbnailUrl":"http://etival.fr/wp-content/uploads/2018/09/SKMBT_C364e18092416192_0001.jpg","datePublished":"2014-09-16T13:44:01+00:00","dateModified":"2025-10-08T06:20:01+00:00","breadcrumb":{"@id":"https://etival.fr/?page_id=328#breadcrumb"},"inLanguage":"fr-FR","potentialAction":[{"@type":"ReadAction","target":["https://etival.fr/?page_id=328"]}]},{"@type":"ImageObject","inLanguage":"fr-FR","@id":"https://etival.fr/?page_id=328#primaryimage","url":"https://etival.fr/wp-content/uploads/2018/09/SKMBT_C364e18092416192_0001.jpg","contentUrl":"https://etival.fr/wp-content/uploads/2018/09/SKMBT_C364e18092416192_0001.jpg","width":1000,"height":707},{"@type":"BreadcrumbList","@id":"https://etival.fr/?page_id=328#breadcrumb","itemListElement":[{"@type":"ListItem","position":1,"name":"Accueil","item":"https://etival.fr/"},{"@type":"ListItem","position":2,"name":"Ecole de Musique Intercommunale"}]},{"@type":"WebSite","@id":"https://etival.fr/#website","url":"https://etival.fr/","name":"Etival-Clairefontaine","description":"Informations et actualités de la commune","potentialAction":[{"@type":"SearchAction","target":{"@type":"EntryPoint","urlTemplate":"https://etival.fr/?s={search_term_string}"},"query-input":{"@type":"PropertyValueSpecification","valueRequired":true,"valueName":"search_term_string"}}],"inLanguage":"fr-FR"}]}</script>
<!-- / Yoast SEO plugin. -->

Apprendre la Musique dans la PÔLE ETIVAL Tél. : 03.29.51.67.88 E.Mail. : empa88480@laposte.net PÔLE SENONES Tél. : 03.29.41.81.22 E.Mail. : empa88210@laposte.net

Informations et actualités de la commune
