{"id":4522,"date":"2017-01-02T15:35:25","date_gmt":"2017-01-02T14:35:25","guid":{"rendered":"http:\/\/etival.fr\/?page_id=4522"},"modified":"2017-03-22T11:13:43","modified_gmt":"2017-03-22T10:13:43","slug":"2017-2","status":"publish","type":"page","link":"https:\/\/etival.fr\/?page_id=4522","title":{"rendered":"2017"},"content":{"rendered":"<p>QUELQUES EXTRAITS DU DISCOURS DES V\u0152UX DU MAIRE DU 13 JANVIER 2017<br \/>\n\u2026\u2026\u2026\u2026<br \/>\nSi chaque ann\u00e9e naissante constitue un tournant par d\u00e9finition, 2017 devrait nous faire prendre un virage \u00e0 90\u00b0 voire plus et dans bien des domaines.<br \/>\nNul ne l\u2019ignore nous avons encore rendez-vous avec les urnes pour les scrutins pr\u00e9sidentiel et l\u00e9gislatif avec un changement incontestable en vue puisque notre actuel Pr\u00e9sident ne se repr\u00e9sente pas. En la mati\u00e8re, bien malin qui pourrait dire de quoi demain sera fait. Ce qui para\u00eet \u00e9vident aujourd\u2019hui, c\u2019est que les choses partent un peu dans tous les sens et que le citoyen ne s\u2019y retrouve pas franchement.<br \/>\n<!--more--><img loading=\"lazy\" decoding=\"async\" class=\"alignnone wp-image-4603\" src=\"http:\/\/etival.fr\/wp-content\/uploads\/2017\/01\/15874753_1432374773459938_1221509934375284255_o.jpg\" alt=\"15874753_1432374773459938_1221509934375284255_o\" width=\"190\" height=\"285\" srcset=\"https:\/\/etival.fr\/wp-content\/uploads\/2017\/01\/15874753_1432374773459938_1221509934375284255_o.jpg 640w, https:\/\/etival.fr\/wp-content\/uploads\/2017\/01\/15874753_1432374773459938_1221509934375284255_o-200x300.jpg 200w, https:\/\/etival.fr\/wp-content\/uploads\/2017\/01\/15874753_1432374773459938_1221509934375284255_o-624x936.jpg 624w\" sizes=\"auto, (max-width: 190px) 100vw, 190px\" \/> <img loading=\"lazy\" decoding=\"async\" class=\"alignnone wp-image-4605\" src=\"http:\/\/etival.fr\/wp-content\/uploads\/2017\/01\/15995275_1432376373459778_4580099256207013928_o.jpg\" alt=\"15995275_1432376373459778_4580099256207013928_o\" width=\"428\" height=\"286\" srcset=\"https:\/\/etival.fr\/wp-content\/uploads\/2017\/01\/15995275_1432376373459778_4580099256207013928_o.jpg 1000w, https:\/\/etival.fr\/wp-content\/uploads\/2017\/01\/15995275_1432376373459778_4580099256207013928_o-300x200.jpg 300w, https:\/\/etival.fr\/wp-content\/uploads\/2017\/01\/15995275_1432376373459778_4580099256207013928_o-768x512.jpg 768w, https:\/\/etival.fr\/wp-content\/uploads\/2017\/01\/15995275_1432376373459778_4580099256207013928_o-624x416.jpg 624w\" sizes=\"auto, (max-width: 428px) 100vw, 428px\" \/> <img loading=\"lazy\" decoding=\"async\" class=\"alignnone size-full wp-image-4604\" src=\"http:\/\/etival.fr\/wp-content\/uploads\/2017\/01\/15936710_1432380846792664_5238563245469652153_o.jpg\" alt=\"15936710_1432380846792664_5238563245469652153_o\" width=\"1000\" height=\"667\" srcset=\"https:\/\/etival.fr\/wp-content\/uploads\/2017\/01\/15936710_1432380846792664_5238563245469652153_o.jpg 1000w, https:\/\/etival.fr\/wp-content\/uploads\/2017\/01\/15936710_1432380846792664_5238563245469652153_o-300x200.jpg 300w, https:\/\/etival.fr\/wp-content\/uploads\/2017\/01\/15936710_1432380846792664_5238563245469652153_o-768x512.jpg 768w, https:\/\/etival.fr\/wp-content\/uploads\/2017\/01\/15936710_1432380846792664_5238563245469652153_o-624x416.jpg 624w\" sizes=\"auto, (max-width: 1000px) 100vw, 1000px\" \/><br \/>\nMonsieur le Maire Christian F\u00e9gli a remis la m\u00e9daille de vermeil pour 30 ann\u00e9es de service \u00e0 Madame Katia Bastien et m\u00e9dailles d&rsquo;argent pour 20 ann\u00e9e de travail \u00e0 Monsieur Philippe Courrier et Monsieur Daniel Cuny.\u00a0<img loading=\"lazy\" decoding=\"async\" class=\"alignnone size-full wp-image-4607\" src=\"http:\/\/etival.fr\/wp-content\/uploads\/2017\/01\/16107396_1432383746792374_2052404722278331787_o.jpg\" alt=\"16107396_1432383746792374_2052404722278331787_o\" width=\"1000\" height=\"667\" srcset=\"https:\/\/etival.fr\/wp-content\/uploads\/2017\/01\/16107396_1432383746792374_2052404722278331787_o.jpg 1000w, https:\/\/etival.fr\/wp-content\/uploads\/2017\/01\/16107396_1432383746792374_2052404722278331787_o-300x200.jpg 300w, https:\/\/etival.fr\/wp-content\/uploads\/2017\/01\/16107396_1432383746792374_2052404722278331787_o-768x512.jpg 768w, https:\/\/etival.fr\/wp-content\/uploads\/2017\/01\/16107396_1432383746792374_2052404722278331787_o-624x416.jpg 624w\" sizes=\"auto, (max-width: 1000px) 100vw, 1000px\" \/><br \/>\n<img loading=\"lazy\" decoding=\"async\" class=\"alignnone size-full wp-image-4611\" src=\"http:\/\/etival.fr\/wp-content\/uploads\/2017\/01\/nouveaux-habitants.jpg\" alt=\"nouveaux-habitants\" width=\"1000\" height=\"667\" srcset=\"https:\/\/etival.fr\/wp-content\/uploads\/2017\/01\/nouveaux-habitants.jpg 1000w, https:\/\/etival.fr\/wp-content\/uploads\/2017\/01\/nouveaux-habitants-300x200.jpg 300w, https:\/\/etival.fr\/wp-content\/uploads\/2017\/01\/nouveaux-habitants-768x512.jpg 768w, https:\/\/etival.fr\/wp-content\/uploads\/2017\/01\/nouveaux-habitants-624x416.jpg 624w\" sizes=\"auto, (max-width: 1000px) 100vw, 1000px\" \/><br \/>\nPr\u00e9sentation des nouveaux habitants<br \/>\n<img loading=\"lazy\" decoding=\"async\" class=\"alignnone size-full wp-image-4614\" src=\"http:\/\/etival.fr\/wp-content\/uploads\/2017\/01\/foule-1.jpg\" alt=\"foule\" width=\"1000\" height=\"667\" srcset=\"https:\/\/etival.fr\/wp-content\/uploads\/2017\/01\/foule-1.jpg 1000w, https:\/\/etival.fr\/wp-content\/uploads\/2017\/01\/foule-1-300x200.jpg 300w, https:\/\/etival.fr\/wp-content\/uploads\/2017\/01\/foule-1-768x512.jpg 768w, https:\/\/etival.fr\/wp-content\/uploads\/2017\/01\/foule-1-624x416.jpg 624w\" sizes=\"auto, (max-width: 1000px) 100vw, 1000px\" \/><\/p>\n<p>Vid\u00e9o diffus\u00e9e avant la c\u00e9r\u00e9monie des V\u0153ux.<\/p>\n<p><iframe loading=\"lazy\" title=\"voeux maire 2017\" width=\"625\" height=\"469\" src=\"https:\/\/www.youtube.com\/embed\/bWDi2DT0BLc?feature=oembed\" frameborder=\"0\" allow=\"accelerometer; autoplay; clipboard-write; encrypted-media; gyroscope; picture-in-picture; web-share\" referrerpolicy=\"strict-origin-when-cross-origin\" allowfullscreen><\/iframe><\/p>\n","protected":false},"excerpt":{"rendered":"<p>QUELQUES EXTRAITS DU DISCOURS DES V\u0152UX DU MAIRE DU 13 JANVIER 2017 \u2026\u2026\u2026\u2026 Si chaque ann\u00e9e naissante constitue un tournant par d\u00e9finition, 2017 devrait nous faire prendre un virage \u00e0 90\u00b0 voire plus et dans bien des domaines. Nul ne l\u2019ignore nous avons encore rendez-vous avec les urnes pour les scrutins pr\u00e9sidentiel et l\u00e9gislatif avec [&hellip;]<\/p>\n","protected":false},"author":2,"featured_media":0,"parent":0,"menu_order":0,"comment_status":"closed","ping_status":"closed","template":"","meta":{"footnotes":""},"class_list":["post-4522","page","type-page","status-publish","hentry"],"yoast_head":"<!-- This site is optimized with the Yoast SEO plugin v26.8 - https:\/\/yoast.com\/product\/yoast-seo-wordpress\/ -->\n<title>2017 - Etival-Clairefontaine<\/title>\n<meta name=\"robots\" content=\"index, follow, max-snippet:-1, max-image-preview:large, max-video-preview:-1\" \/>\n<link rel=\"canonical\" href=\"https:\/\/etival.fr\/?page_id=4522\" \/>\n<meta property=\"og:locale\" content=\"fr_FR\" \/>\n<meta property=\"og:type\" content=\"article\" \/>\n<meta property=\"og:title\" content=\"2017 - Etival-Clairefontaine\" \/>\n<meta property=\"og:description\" content=\"QUELQUES EXTRAITS DU DISCOURS DES V\u0152UX DU MAIRE DU 13 JANVIER 2017 \u2026\u2026\u2026\u2026 Si chaque ann\u00e9e naissante constitue un tournant par d\u00e9finition, 2017 devrait nous faire prendre un virage \u00e0 90\u00b0 voire plus et dans bien des domaines. Nul ne l\u2019ignore nous avons encore rendez-vous avec les urnes pour les scrutins pr\u00e9sidentiel et l\u00e9gislatif avec [&hellip;]\" \/>\n<meta property=\"og:url\" content=\"https:\/\/etival.fr\/?page_id=4522\" \/>\n<meta property=\"og:site_name\" content=\"Etival-Clairefontaine\" \/>\n<meta property=\"article:modified_time\" content=\"2017-03-22T10:13:43+00:00\" \/>\n<meta property=\"og:image\" content=\"http:\/\/etival.fr\/wp-content\/uploads\/2017\/01\/15874753_1432374773459938_1221509934375284255_o.jpg\" \/>\n<meta name=\"twitter:card\" content=\"summary_large_image\" \/>\n<meta name=\"twitter:label1\" content=\"Dur\u00e9e de lecture estim\u00e9e\" \/>\n\t<meta name=\"twitter:data1\" content=\"1 minute\" \/>\n<script type=\"application\/ld+json\" class=\"yoast-schema-graph\">{\"@context\":\"https:\/\/schema.org\",\"@graph\":[{\"@type\":\"WebPage\",\"@id\":\"https:\/\/etival.fr\/?page_id=4522\",\"url\":\"https:\/\/etival.fr\/?page_id=4522\",\"name\":\"2017 - Etival-Clairefontaine\",\"isPartOf\":{\"@id\":\"https:\/\/etival.fr\/#website\"},\"primaryImageOfPage\":{\"@id\":\"https:\/\/etival.fr\/?page_id=4522#primaryimage\"},\"image\":{\"@id\":\"https:\/\/etival.fr\/?page_id=4522#primaryimage\"},\"thumbnailUrl\":\"http:\/\/etival.fr\/wp-content\/uploads\/2017\/01\/15874753_1432374773459938_1221509934375284255_o.jpg\",\"datePublished\":\"2017-01-02T14:35:25+00:00\",\"dateModified\":\"2017-03-22T10:13:43+00:00\",\"breadcrumb\":{\"@id\":\"https:\/\/etival.fr\/?page_id=4522#breadcrumb\"},\"inLanguage\":\"fr-FR\",\"potentialAction\":[{\"@type\":\"ReadAction\",\"target\":[\"https:\/\/etival.fr\/?page_id=4522\"]}]},{\"@type\":\"ImageObject\",\"inLanguage\":\"fr-FR\",\"@id\":\"https:\/\/etival.fr\/?page_id=4522#primaryimage\",\"url\":\"http:\/\/etival.fr\/wp-content\/uploads\/2017\/01\/15874753_1432374773459938_1221509934375284255_o.jpg\",\"contentUrl\":\"http:\/\/etival.fr\/wp-content\/uploads\/2017\/01\/15874753_1432374773459938_1221509934375284255_o.jpg\"},{\"@type\":\"BreadcrumbList\",\"@id\":\"https:\/\/etival.fr\/?page_id=4522#breadcrumb\",\"itemListElement\":[{\"@type\":\"ListItem\",\"position\":1,\"name\":\"Accueil\",\"item\":\"https:\/\/etival.fr\/\"},{\"@type\":\"ListItem\",\"position\":2,\"name\":\"2017\"}]},{\"@type\":\"WebSite\",\"@id\":\"https:\/\/etival.fr\/#website\",\"url\":\"https:\/\/etival.fr\/\",\"name\":\"Etival-Clairefontaine\",\"description\":\"Informations et actualit\u00e9s de la commune\",\"potentialAction\":[{\"@type\":\"SearchAction\",\"target\":{\"@type\":\"EntryPoint\",\"urlTemplate\":\"https:\/\/etival.fr\/?s={search_term_string}\"},\"query-input\":{\"@type\":\"PropertyValueSpecification\",\"valueRequired\":true,\"valueName\":\"search_term_string\"}}],\"inLanguage\":\"fr-FR\"}]}<\/script>\n<!-- \/ Yoast SEO plugin. -->","yoast_head_json":{"title":"2017 - Etival-Clairefontaine","robots":{"index":"index","follow":"follow","max-snippet":"max-snippet:-1","max-image-preview":"max-image-preview:large","max-video-preview":"max-video-preview:-1"},"canonical":"https:\/\/etival.fr\/?page_id=4522","og_locale":"fr_FR","og_type":"article","og_title":"2017 - Etival-Clairefontaine","og_description":"QUELQUES EXTRAITS DU DISCOURS DES V\u0152UX DU MAIRE DU 13 JANVIER 2017 \u2026\u2026\u2026\u2026 Si chaque ann\u00e9e naissante constitue un tournant par d\u00e9finition, 2017 devrait nous faire prendre un virage \u00e0 90\u00b0 voire plus et dans bien des domaines. Nul ne l\u2019ignore nous avons encore rendez-vous avec les urnes pour les scrutins pr\u00e9sidentiel et l\u00e9gislatif avec [&hellip;]","og_url":"https:\/\/etival.fr\/?page_id=4522","og_site_name":"Etival-Clairefontaine","article_modified_time":"2017-03-22T10:13:43+00:00","og_image":[{"url":"http:\/\/etival.fr\/wp-content\/uploads\/2017\/01\/15874753_1432374773459938_1221509934375284255_o.jpg","type":"","width":"","height":""}],"twitter_card":"summary_large_image","twitter_misc":{"Dur\u00e9e de lecture estim\u00e9e":"1 minute"},"schema":{"@context":"https:\/\/schema.org","@graph":[{"@type":"WebPage","@id":"https:\/\/etival.fr\/?page_id=4522","url":"https:\/\/etival.fr\/?page_id=4522","name":"2017 - Etival-Clairefontaine","isPartOf":{"@id":"https:\/\/etival.fr\/#website"},"primaryImageOfPage":{"@id":"https:\/\/etival.fr\/?page_id=4522#primaryimage"},"image":{"@id":"https:\/\/etival.fr\/?page_id=4522#primaryimage"},"thumbnailUrl":"http:\/\/etival.fr\/wp-content\/uploads\/2017\/01\/15874753_1432374773459938_1221509934375284255_o.jpg","datePublished":"2017-01-02T14:35:25+00:00","dateModified":"2017-03-22T10:13:43+00:00","breadcrumb":{"@id":"https:\/\/etival.fr\/?page_id=4522#breadcrumb"},"inLanguage":"fr-FR","potentialAction":[{"@type":"ReadAction","target":["https:\/\/etival.fr\/?page_id=4522"]}]},{"@type":"ImageObject","inLanguage":"fr-FR","@id":"https:\/\/etival.fr\/?page_id=4522#primaryimage","url":"http:\/\/etival.fr\/wp-content\/uploads\/2017\/01\/15874753_1432374773459938_1221509934375284255_o.jpg","contentUrl":"http:\/\/etival.fr\/wp-content\/uploads\/2017\/01\/15874753_1432374773459938_1221509934375284255_o.jpg"},{"@type":"BreadcrumbList","@id":"https:\/\/etival.fr\/?page_id=4522#breadcrumb","itemListElement":[{"@type":"ListItem","position":1,"name":"Accueil","item":"https:\/\/etival.fr\/"},{"@type":"ListItem","position":2,"name":"2017"}]},{"@type":"WebSite","@id":"https:\/\/etival.fr\/#website","url":"https:\/\/etival.fr\/","name":"Etival-Clairefontaine","description":"Informations et actualit\u00e9s de la commune","potentialAction":[{"@type":"SearchAction","target":{"@type":"EntryPoint","urlTemplate":"https:\/\/etival.fr\/?s={search_term_string}"},"query-input":{"@type":"PropertyValueSpecification","valueRequired":true,"valueName":"search_term_string"}}],"inLanguage":"fr-FR"}]}},"_links":{"self":[{"href":"https:\/\/etival.fr\/index.php?rest_route=\/wp\/v2\/pages\/4522","targetHints":{"allow":["GET"]}}],"collection":[{"href":"https:\/\/etival.fr\/index.php?rest_route=\/wp\/v2\/pages"}],"about":[{"href":"https:\/\/etival.fr\/index.php?rest_route=\/wp\/v2\/types\/page"}],"author":[{"embeddable":true,"href":"https:\/\/etival.fr\/index.php?rest_route=\/wp\/v2\/users\/2"}],"replies":[{"embeddable":true,"href":"https:\/\/etival.fr\/index.php?rest_route=%2Fwp%2Fv2%2Fcomments&post=4522"}],"version-history":[{"count":3,"href":"https:\/\/etival.fr\/index.php?rest_route=\/wp\/v2\/pages\/4522\/revisions"}],"predecessor-version":[{"id":4855,"href":"https:\/\/etival.fr\/index.php?rest_route=\/wp\/v2\/pages\/4522\/revisions\/4855"}],"wp:attachment":[{"href":"https:\/\/etival.fr\/index.php?rest_route=%2Fwp%2Fv2%2Fmedia&parent=4522"}],"curies":[{"name":"wp","href":"https:\/\/api.w.org\/{rel}","templated":true}]}}