{"id":85,"date":"2014-07-15T15:33:14","date_gmt":"2014-07-15T14:33:14","guid":{"rendered":"http:\/\/etival.fr\/?page_id=85"},"modified":"2014-09-24T15:10:52","modified_gmt":"2014-09-24T14:10:52","slug":"vie-economique","status":"publish","type":"page","link":"https:\/\/etival.fr\/?page_id=85","title":{"rendered":"Vie \u00e9conomique"},"content":{"rendered":"<h2><span style=\"color: #008080;\">Orientation de la politique locale.<\/span><\/h2>\n<p>En s&rsquo;appuyant sur une \u00e9conomie forte,<br \/>\npoursuivre une politique volontariste de d\u00e9veloppement destin\u00e9e \u00e0 :<br \/>\n\u2022 am\u00e9liorer la qualit\u00e9 de la vie de nos habitants,<br \/>\n\u2022 accueillir les nouveaux habitants dans de bonnes conditions<br \/>\n<strong>En portant l&rsquo;effort au niveau :<\/strong><br \/>\n\u2022 des structures \u00e9ducatives, sportives, culturelles, associatives, etc&#8230;<br \/>\n\u2022 de l&rsquo;environnement, assainissement, eau potable, voirie, paysager, tri des d\u00e9chets, etc..<br \/>\n\u2022 de la fiscalisation ma\u00eetris\u00e9e \u00e0 hauteur de l&rsquo;inflation,<br \/>\n\u2022 \u00e9conomique en mettant tout en \u0153uvre pour soutenir notre tissu tr\u00e8s dense<br \/>\nd&rsquo;industriels, artisans et commer\u00e7ants.<br \/>\nde la communication en facilitant les \u00e9changes, en informant et en faisant participer :<br \/>\nr\u00e9unions publiques,<br \/>\npanneaux lumineux,<br \/>\nsupports papier,<br \/>\ngroupes de travail ouverts,<br \/>\ninternet.<br \/>\ndes actions sociales avec une attention particuli\u00e8re pour les jeunes, les anciens, les personnes sans emploi ou en difficult\u00e9.<\/p>\n","protected":false},"excerpt":{"rendered":"<p>Orientation de la politique locale. En s&rsquo;appuyant sur une \u00e9conomie forte, poursuivre une politique volontariste de d\u00e9veloppement destin\u00e9e \u00e0 : \u2022 am\u00e9liorer la qualit\u00e9 de la vie de nos habitants, \u2022 accueillir les nouveaux habitants dans de bonnes conditions En portant l&rsquo;effort au niveau : \u2022 des structures \u00e9ducatives, sportives, culturelles, associatives, etc&#8230; \u2022 de [&hellip;]<\/p>\n","protected":false},"author":2,"featured_media":0,"parent":0,"menu_order":0,"comment_status":"closed","ping_status":"open","template":"","meta":{"footnotes":""},"class_list":["post-85","page","type-page","status-publish","hentry"],"yoast_head":"<!-- This site is optimized with the Yoast SEO plugin v26.8 - https:\/\/yoast.com\/product\/yoast-seo-wordpress\/ -->\n<title>Vie \u00e9conomique - Etival-Clairefontaine<\/title>\n<meta name=\"robots\" content=\"index, follow, max-snippet:-1, max-image-preview:large, max-video-preview:-1\" \/>\n<link rel=\"canonical\" href=\"https:\/\/etival.fr\/?page_id=85\" \/>\n<meta property=\"og:locale\" content=\"fr_FR\" \/>\n<meta property=\"og:type\" content=\"article\" \/>\n<meta property=\"og:title\" content=\"Vie \u00e9conomique - Etival-Clairefontaine\" \/>\n<meta property=\"og:description\" content=\"Orientation de la politique locale. En s&rsquo;appuyant sur une \u00e9conomie forte, poursuivre une politique volontariste de d\u00e9veloppement destin\u00e9e \u00e0 : \u2022 am\u00e9liorer la qualit\u00e9 de la vie de nos habitants, \u2022 accueillir les nouveaux habitants dans de bonnes conditions En portant l&rsquo;effort au niveau : \u2022 des structures \u00e9ducatives, sportives, culturelles, associatives, etc&#8230; \u2022 de [&hellip;]\" \/>\n<meta property=\"og:url\" content=\"https:\/\/etival.fr\/?page_id=85\" \/>\n<meta property=\"og:site_name\" content=\"Etival-Clairefontaine\" \/>\n<meta property=\"article:modified_time\" content=\"2014-09-24T14:10:52+00:00\" \/>\n<meta name=\"twitter:card\" content=\"summary_large_image\" \/>\n<meta name=\"twitter:label1\" content=\"Dur\u00e9e de lecture estim\u00e9e\" \/>\n\t<meta name=\"twitter:data1\" content=\"1 minute\" \/>\n<script type=\"application\/ld+json\" class=\"yoast-schema-graph\">{\"@context\":\"https:\/\/schema.org\",\"@graph\":[{\"@type\":\"WebPage\",\"@id\":\"https:\/\/etival.fr\/?page_id=85\",\"url\":\"https:\/\/etival.fr\/?page_id=85\",\"name\":\"Vie \u00e9conomique - Etival-Clairefontaine\",\"isPartOf\":{\"@id\":\"https:\/\/etival.fr\/#website\"},\"datePublished\":\"2014-07-15T14:33:14+00:00\",\"dateModified\":\"2014-09-24T14:10:52+00:00\",\"breadcrumb\":{\"@id\":\"https:\/\/etival.fr\/?page_id=85#breadcrumb\"},\"inLanguage\":\"fr-FR\",\"potentialAction\":[{\"@type\":\"ReadAction\",\"target\":[\"https:\/\/etival.fr\/?page_id=85\"]}]},{\"@type\":\"BreadcrumbList\",\"@id\":\"https:\/\/etival.fr\/?page_id=85#breadcrumb\",\"itemListElement\":[{\"@type\":\"ListItem\",\"position\":1,\"name\":\"Accueil\",\"item\":\"https:\/\/etival.fr\/\"},{\"@type\":\"ListItem\",\"position\":2,\"name\":\"Vie \u00e9conomique\"}]},{\"@type\":\"WebSite\",\"@id\":\"https:\/\/etival.fr\/#website\",\"url\":\"https:\/\/etival.fr\/\",\"name\":\"Etival-Clairefontaine\",\"description\":\"Informations et actualit\u00e9s de la commune\",\"potentialAction\":[{\"@type\":\"SearchAction\",\"target\":{\"@type\":\"EntryPoint\",\"urlTemplate\":\"https:\/\/etival.fr\/?s={search_term_string}\"},\"query-input\":{\"@type\":\"PropertyValueSpecification\",\"valueRequired\":true,\"valueName\":\"search_term_string\"}}],\"inLanguage\":\"fr-FR\"}]}<\/script>\n<!-- \/ Yoast SEO plugin. -->","yoast_head_json":{"title":"Vie \u00e9conomique - Etival-Clairefontaine","robots":{"index":"index","follow":"follow","max-snippet":"max-snippet:-1","max-image-preview":"max-image-preview:large","max-video-preview":"max-video-preview:-1"},"canonical":"https:\/\/etival.fr\/?page_id=85","og_locale":"fr_FR","og_type":"article","og_title":"Vie \u00e9conomique - Etival-Clairefontaine","og_description":"Orientation de la politique locale. En s&rsquo;appuyant sur une \u00e9conomie forte, poursuivre une politique volontariste de d\u00e9veloppement destin\u00e9e \u00e0 : \u2022 am\u00e9liorer la qualit\u00e9 de la vie de nos habitants, \u2022 accueillir les nouveaux habitants dans de bonnes conditions En portant l&rsquo;effort au niveau : \u2022 des structures \u00e9ducatives, sportives, culturelles, associatives, etc&#8230; \u2022 de [&hellip;]","og_url":"https:\/\/etival.fr\/?page_id=85","og_site_name":"Etival-Clairefontaine","article_modified_time":"2014-09-24T14:10:52+00:00","twitter_card":"summary_large_image","twitter_misc":{"Dur\u00e9e de lecture estim\u00e9e":"1 minute"},"schema":{"@context":"https:\/\/schema.org","@graph":[{"@type":"WebPage","@id":"https:\/\/etival.fr\/?page_id=85","url":"https:\/\/etival.fr\/?page_id=85","name":"Vie \u00e9conomique - Etival-Clairefontaine","isPartOf":{"@id":"https:\/\/etival.fr\/#website"},"datePublished":"2014-07-15T14:33:14+00:00","dateModified":"2014-09-24T14:10:52+00:00","breadcrumb":{"@id":"https:\/\/etival.fr\/?page_id=85#breadcrumb"},"inLanguage":"fr-FR","potentialAction":[{"@type":"ReadAction","target":["https:\/\/etival.fr\/?page_id=85"]}]},{"@type":"BreadcrumbList","@id":"https:\/\/etival.fr\/?page_id=85#breadcrumb","itemListElement":[{"@type":"ListItem","position":1,"name":"Accueil","item":"https:\/\/etival.fr\/"},{"@type":"ListItem","position":2,"name":"Vie \u00e9conomique"}]},{"@type":"WebSite","@id":"https:\/\/etival.fr\/#website","url":"https:\/\/etival.fr\/","name":"Etival-Clairefontaine","description":"Informations et actualit\u00e9s de la commune","potentialAction":[{"@type":"SearchAction","target":{"@type":"EntryPoint","urlTemplate":"https:\/\/etival.fr\/?s={search_term_string}"},"query-input":{"@type":"PropertyValueSpecification","valueRequired":true,"valueName":"search_term_string"}}],"inLanguage":"fr-FR"}]}},"_links":{"self":[{"href":"https:\/\/etival.fr\/index.php?rest_route=\/wp\/v2\/pages\/85","targetHints":{"allow":["GET"]}}],"collection":[{"href":"https:\/\/etival.fr\/index.php?rest_route=\/wp\/v2\/pages"}],"about":[{"href":"https:\/\/etival.fr\/index.php?rest_route=\/wp\/v2\/types\/page"}],"author":[{"embeddable":true,"href":"https:\/\/etival.fr\/index.php?rest_route=\/wp\/v2\/users\/2"}],"replies":[{"embeddable":true,"href":"https:\/\/etival.fr\/index.php?rest_route=%2Fwp%2Fv2%2Fcomments&post=85"}],"version-history":[{"count":5,"href":"https:\/\/etival.fr\/index.php?rest_route=\/wp\/v2\/pages\/85\/revisions"}],"predecessor-version":[{"id":643,"href":"https:\/\/etival.fr\/index.php?rest_route=\/wp\/v2\/pages\/85\/revisions\/643"}],"wp:attachment":[{"href":"https:\/\/etival.fr\/index.php?rest_route=%2Fwp%2Fv2%2Fmedia&parent=85"}],"curies":[{"name":"wp","href":"https:\/\/api.w.org\/{rel}","templated":true}]}}

Vie économique

<h2><span style="color: #008080;">Orientation de la politique locale.</span></h2>
<p>En s&rsquo;appuyant sur une économie forte,<br />
poursuivre une politique volontariste de développement destinée à :<br />
• améliorer la qualité de la vie de nos habitants,<br />
• accueillir les nouveaux habitants dans de bonnes conditions<br />
<strong>En portant l&rsquo;effort au niveau :</strong><br />
• des structures éducatives, sportives, culturelles, associatives, etc&#8230;<br />
• de l&rsquo;environnement, assainissement, eau potable, voirie, paysager, tri des déchets, etc..<br />
• de la fiscalisation maîtrisée à hauteur de l&rsquo;inflation,<br />
• économique en mettant tout en œuvre pour soutenir notre tissu très dense<br />
d&rsquo;industriels, artisans et commerçants.<br />
de la communication en facilitant les échanges, en informant et en faisant participer :<br />
réunions publiques,<br />
panneaux lumineux,<br />
supports papier,<br />
groupes de travail ouverts,<br />
internet.<br />
des actions sociales avec une attention particulière pour les jeunes, les anciens, les personnes sans emploi ou en difficulté.</p>

<p>Orientation de la politique locale. En s&rsquo;appuyant sur une économie forte, poursuivre une politique volontariste de développement destinée à : • améliorer la qualité de la vie de nos habitants, • accueillir les nouveaux habitants dans de bonnes conditions En portant l&rsquo;effort au niveau : • des structures éducatives, sportives, culturelles, associatives, etc&#8230; • de [&hellip;]</p>

<!-- This site is optimized with the Yoast SEO plugin v26.8 - https://yoast.com/product/yoast-seo-wordpress/ -->
<title>Vie économique - Etival-Clairefontaine</title>
<meta name="robots" content="index, follow, max-snippet:-1, max-image-preview:large, max-video-preview:-1" />
<link rel="canonical" href="https://etival.fr/?page_id=85" />
<meta property="og:locale" content="fr_FR" />
<meta property="og:type" content="article" />
<meta property="og:title" content="Vie économique - Etival-Clairefontaine" />
<meta property="og:description" content="Orientation de la politique locale. En s&rsquo;appuyant sur une économie forte, poursuivre une politique volontariste de développement destinée à : • améliorer la qualité de la vie de nos habitants, • accueillir les nouveaux habitants dans de bonnes conditions En portant l&rsquo;effort au niveau : • des structures éducatives, sportives, culturelles, associatives, etc&#8230; • de [&hellip;]" />
<meta property="og:url" content="https://etival.fr/?page_id=85" />
<meta property="og:site_name" content="Etival-Clairefontaine" />
<meta property="article:modified_time" content="2014-09-24T14:10:52+00:00" />
<meta name="twitter:card" content="summary_large_image" />
<meta name="twitter:label1" content="Durée de lecture estimée" />
	<meta name="twitter:data1" content="1 minute" />
<script type="application/ld+json" class="yoast-schema-graph">{"@context":"https://schema.org","@graph":[{"@type":"WebPage","@id":"https://etival.fr/?page_id=85","url":"https://etival.fr/?page_id=85","name":"Vie économique - Etival-Clairefontaine","isPartOf":{"@id":"https://etival.fr/#website"},"datePublished":"2014-07-15T14:33:14+00:00","dateModified":"2014-09-24T14:10:52+00:00","breadcrumb":{"@id":"https://etival.fr/?page_id=85#breadcrumb"},"inLanguage":"fr-FR","potentialAction":[{"@type":"ReadAction","target":["https://etival.fr/?page_id=85"]}]},{"@type":"BreadcrumbList","@id":"https://etival.fr/?page_id=85#breadcrumb","itemListElement":[{"@type":"ListItem","position":1,"name":"Accueil","item":"https://etival.fr/"},{"@type":"ListItem","position":2,"name":"Vie économique"}]},{"@type":"WebSite","@id":"https://etival.fr/#website","url":"https://etival.fr/","name":"Etival-Clairefontaine","description":"Informations et actualités de la commune","potentialAction":[{"@type":"SearchAction","target":{"@type":"EntryPoint","urlTemplate":"https://etival.fr/?s={search_term_string}"},"query-input":{"@type":"PropertyValueSpecification","valueRequired":true,"valueName":"search_term_string"}}],"inLanguage":"fr-FR"}]}</script>
<!-- / Yoast SEO plugin. -->

Vie économique - Etival-Clairefontaine

Orientation de la politique locale. En s&rsquo;appuyant sur une économie forte, poursuivre une politique volontariste de développement destinée à : • améliorer la qualité de la vie de nos habitants, • accueillir les nouveaux habitants dans de bonnes conditions En portant l&rsquo;effort au niveau : • des structures éducatives, sportives, culturelles, associatives, etc&#8230; • de [&hellip;]

Informations et actualités de la commune
